Last updated on 2024-07-18 09:52:30 CEST.
Flavor | Version | Tinstall | Tcheck | Ttotal | Status | Flags |
---|---|---|---|---|---|---|
r-devel-linux-x86_64-debian-clang | 0.5.3 | 3.99 | 34.14 | 38.13 | OK | |
r-devel-linux-x86_64-debian-gcc | 0.5.3 | 2.70 | 25.77 | 28.47 | OK | |
r-devel-linux-x86_64-fedora-clang | 0.5.3 | 47.99 | NOTE | |||
r-devel-windows-x86_64 | 0.5.3 | 4.00 | 52.00 | 56.00 | OK | |
r-patched-linux-x86_64 | 0.5.3 | 3.17 | 32.68 | 35.85 | OK | |
r-release-linux-x86_64 | 0.5.3 | 3.36 | 32.42 | 35.78 | OK | |
r-release-macos-arm64 | 0.5.3 | 35.00 | OK | |||
r-release-macos-x86_64 | 0.5.3 | 42.00 | OK | |||
r-release-windows-x86_64 | 0.5.3 | 4.00 | 54.00 | 58.00 | OK | |
r-oldrel-macos-arm64 | 0.5.3 | 29.00 | OK | |||
r-oldrel-macos-x86_64 | 0.5.3 | 37.00 | OK | |||
r-oldrel-windows-x86_64 | 0.5.3 | 5.00 | 53.00 | 58.00 | OK |
Version: 0.5.3
Check: dependencies in R code
Result: NOTE
Namespace in Imports field not imported from: ‘R6’
All declared Imports should be used.
Flavor: r-devel-linux-x86_64-fedora-clang