Last updated on 2024-07-18 09:52:31 CEST.
Flavor | Version | Tinstall | Tcheck | Ttotal | Status | Flags |
---|---|---|---|---|---|---|
r-devel-linux-x86_64-debian-clang | 1.1.4 | 31.52 | 76.39 | 107.91 | NOTE | |
r-devel-linux-x86_64-debian-gcc | 1.1.4 | 20.33 | 58.64 | 78.97 | NOTE | |
r-devel-linux-x86_64-fedora-clang | 1.1.4 | 156.77 | NOTE | |||
r-devel-windows-x86_64 | 1.1.4 | 27.00 | 92.00 | 119.00 | NOTE | |
r-patched-linux-x86_64 | 1.1.4 | 25.82 | 76.38 | 102.20 | NOTE | |
r-release-linux-x86_64 | 1.1.4 | 18.01 | 74.63 | 92.64 | NOTE | |
r-release-macos-arm64 | 1.1.4 | 45.00 | NOTE | |||
r-release-macos-x86_64 | 1.1.4 | 58.00 | NOTE | |||
r-release-windows-x86_64 | 1.1.4 | 29.00 | 96.00 | 125.00 | NOTE | |
r-oldrel-macos-arm64 | 1.1.4 | 39.00 | NOTE | |||
r-oldrel-macos-x86_64 | 1.1.4 | 69.00 | NOTE | |||
r-oldrel-windows-x86_64 | 1.1.4 | 35.00 | 114.00 | 149.00 | NOTE |
Version: 1.1.4
Check: C++ specification
Result: NOTE
Specified C++11: please drop specification unless essential
Flavors: r-devel-linux-x86_64-debian-clang, r-devel-linux-x86_64-debian-gcc, r-devel-linux-x86_64-fedora-clang, r-devel-windows-x86_64, r-patched-linux-x86_64, r-release-linux-x86_64, r-release-macos-arm64, r-release-macos-x86_64, r-release-windows-x86_64, r-oldrel-macos-arm64, r-oldrel-macos-x86_64, r-oldrel-windows-x86_64