Last updated on 2024-07-18 09:52:31 CEST.
Flavor | Version | Tinstall | Tcheck | Ttotal | Status | Flags |
---|---|---|---|---|---|---|
r-devel-linux-x86_64-debian-clang | 0.1-4 | 49.06 | 85.92 | 134.98 | NOTE | |
r-devel-linux-x86_64-debian-gcc | 0.1-4 | 30.40 | 61.67 | 92.07 | NOTE | |
r-devel-linux-x86_64-fedora-clang | 0.1-4 | 178.25 | NOTE | |||
r-devel-windows-x86_64 | 0.1-4 | 40.00 | 110.00 | 150.00 | NOTE | |
r-patched-linux-x86_64 | 0.1-4 | 42.11 | 79.97 | 122.08 | NOTE | |
r-release-linux-x86_64 | 0.1-4 | 37.74 | 80.53 | 118.27 | NOTE | |
r-release-macos-arm64 | 0.1-4 | 45.00 | NOTE | |||
r-release-macos-x86_64 | 0.1-4 | 65.00 | NOTE | |||
r-release-windows-x86_64 | 0.1-4 | 39.00 | 93.00 | 132.00 | NOTE | |
r-oldrel-macos-arm64 | 0.1-4 | 55.00 | NOTE | |||
r-oldrel-macos-x86_64 | 0.1-4 | 88.00 | NOTE | |||
r-oldrel-windows-x86_64 | 0.1-4 | 47.00 | 118.00 | 165.00 | NOTE |
Version: 0.1-4
Check: C++ specification
Result: NOTE
Specified C++11: please drop specification unless essential
Flavors: r-devel-linux-x86_64-debian-clang, r-devel-linux-x86_64-debian-gcc, r-devel-linux-x86_64-fedora-clang, r-devel-windows-x86_64, r-patched-linux-x86_64, r-release-linux-x86_64, r-release-macos-arm64, r-release-macos-x86_64, r-release-windows-x86_64, r-oldrel-macos-arm64, r-oldrel-macos-x86_64, r-oldrel-windows-x86_64
Version: 0.1-4
Check: Rd cross-references
Result: NOTE
Found the following Rd file(s) with Rd \link{} targets missing package
anchors:
person.posterior.Rd: adaptIntegrate
Please provide package anchors for all Rd \link{} targets not in the
package itself and the base packages.
Flavor: r-devel-windows-x86_64