Last updated on 2024-07-18 09:52:31 CEST.
Flavor | Version | Tinstall | Tcheck | Ttotal | Status | Flags |
---|---|---|---|---|---|---|
r-devel-linux-x86_64-debian-clang | 0.1.0 | 8.62 | 150.71 | 159.33 | OK | |
r-devel-linux-x86_64-debian-gcc | 0.1.0 | 7.14 | 110.90 | 118.04 | OK | |
r-devel-linux-x86_64-fedora-clang | 0.1.0 | 202.41 | NOTE | |||
r-devel-windows-x86_64 | 0.1.0 | 10.00 | 111.00 | 121.00 | OK | |
r-patched-linux-x86_64 | 0.1.0 | 7.83 | 139.35 | 147.18 | OK | |
r-release-linux-x86_64 | 0.1.0 | 8.46 | 137.98 | 146.44 | OK | |
r-release-macos-arm64 | 0.1.0 | 56.00 | OK | |||
r-release-macos-x86_64 | 0.1.0 | 104.00 | OK | |||
r-release-windows-x86_64 | 0.1.0 | 10.00 | 115.00 | 125.00 | OK | |
r-oldrel-macos-arm64 | 0.1.0 | 63.00 | OK | |||
r-oldrel-macos-x86_64 | 0.1.0 | 106.00 | OK | |||
r-oldrel-windows-x86_64 | 0.1.0 | 13.00 | 145.00 | 158.00 | OK |
Version: 0.1.0
Check: dependencies in R code
Result: NOTE
Namespace in Imports field not imported from: ‘glmnet’
All declared Imports should be used.
Flavor: r-devel-linux-x86_64-fedora-clang