Last updated on 2024-07-18 09:52:31 CEST.
Flavor | Version | Tinstall | Tcheck | Ttotal | Status | Flags |
---|---|---|---|---|---|---|
r-devel-linux-x86_64-debian-clang | 2.0.7 | 42.61 | 85.99 | 128.60 | OK | |
r-devel-linux-x86_64-debian-gcc | 2.0.7 | 26.40 | 64.77 | 91.17 | OK | |
r-devel-linux-x86_64-fedora-clang | 2.0.7 | 181.21 | OK | |||
r-devel-windows-x86_64 | 2.0.7 | 36.00 | 94.00 | 130.00 | NOTE | |
r-patched-linux-x86_64 | 2.0.7 | 30.73 | 84.33 | 115.06 | OK | |
r-release-linux-x86_64 | 2.0.7 | 34.80 | 81.21 | 116.01 | OK | |
r-release-macos-arm64 | 2.0.7 | 50.00 | OK | |||
r-release-macos-x86_64 | 2.0.7 | 77.00 | OK | |||
r-release-windows-x86_64 | 2.0.7 | 38.00 | 95.00 | 133.00 | OK | |
r-oldrel-macos-arm64 | 2.0.7 | 50.00 | OK | |||
r-oldrel-macos-x86_64 | 2.0.7 | 130.00 | OK | |||
r-oldrel-windows-x86_64 | 2.0.7 | 43.00 | 118.00 | 161.00 | OK |
Version: 2.0.7
Check: Rd cross-references
Result: NOTE
Found the following Rd file(s) with Rd \link{} targets missing package
anchors:
PerturbationClustering.Rd: pam
Please provide package anchors for all Rd \link{} targets not in the
package itself and the base packages.
Flavor: r-devel-windows-x86_64