Last updated on 2024-07-18 09:52:32 CEST.
Flavor | Version | Tinstall | Tcheck | Ttotal | Status | Flags |
---|---|---|---|---|---|---|
r-devel-linux-x86_64-debian-clang | 0.0.1 | 2.41 | 35.01 | 37.42 | NOTE | |
r-devel-linux-x86_64-debian-gcc | 0.0.1 | 2.48 | 26.34 | 28.82 | NOTE | |
r-devel-linux-x86_64-fedora-clang | 0.0.1 | 48.40 | NOTE | |||
r-devel-windows-x86_64 | 0.0.1 | 3.00 | 52.00 | 55.00 | NOTE | |
r-patched-linux-x86_64 | 0.0.1 | 2.64 | 32.61 | 35.25 | NOTE | |
r-release-linux-x86_64 | 0.0.1 | 3.07 | 33.27 | 36.34 | NOTE | |
r-release-macos-arm64 | 0.0.1 | 26.00 | NOTE | |||
r-release-macos-x86_64 | 0.0.1 | 61.00 | NOTE | |||
r-release-windows-x86_64 | 0.0.1 | 4.00 | 51.00 | 55.00 | NOTE | |
r-oldrel-macos-arm64 | 0.0.1 | 36.00 | OK | |||
r-oldrel-macos-x86_64 | 0.0.1 | 71.00 | OK | |||
r-oldrel-windows-x86_64 | 0.0.1 | 5.00 | 54.00 | 59.00 | OK |
Version: 0.0.1
Check: Rd files
Result: NOTE
checkRd: (-1) qpc.Rd:43: Lost braces
43 | S{Sulewski, P. (2020). \emph{Normal Distribution with Plasticizing Component,} Communications in Statistics ? Theory and Method 51(11), 3806-3835.}
| ^
Flavors: r-devel-linux-x86_64-debian-clang, r-devel-linux-x86_64-debian-gcc, r-devel-linux-x86_64-fedora-clang, r-devel-windows-x86_64, r-patched-linux-x86_64, r-release-linux-x86_64, r-release-macos-arm64, r-release-macos-x86_64, r-release-windows-x86_64