Last updated on 2024-07-18 09:52:32 CEST.
Flavor | Version | Tinstall | Tcheck | Ttotal | Status | Flags |
---|---|---|---|---|---|---|
r-devel-linux-x86_64-debian-clang | 1.7 | 7.58 | 73.29 | 80.87 | NOTE | |
r-devel-linux-x86_64-debian-gcc | 1.7 | 6.36 | 54.40 | 60.76 | NOTE | |
r-devel-linux-x86_64-fedora-clang | 1.7 | 98.40 | NOTE | |||
r-devel-windows-x86_64 | 1.7 | 7.00 | 68.00 | 75.00 | NOTE | |
r-patched-linux-x86_64 | 1.7 | 6.16 | 67.57 | 73.73 | NOTE | |
r-release-linux-x86_64 | 1.7 | 7.79 | 68.42 | 76.21 | NOTE | |
r-release-macos-arm64 | 1.7 | 32.00 | NOTE | |||
r-release-macos-x86_64 | 1.7 | 45.00 | NOTE | |||
r-release-windows-x86_64 | 1.7 | 8.00 | 69.00 | 77.00 | NOTE | |
r-oldrel-macos-arm64 | 1.7 | 36.00 | OK | |||
r-oldrel-macos-x86_64 | 1.7 | 54.00 | OK | |||
r-oldrel-windows-x86_64 | 1.7 | 10.00 | 78.00 | 88.00 | OK |
Version: 1.7
Check: Rd files
Result: NOTE
checkRd: (-1) PTE_bootstrap_inference.Rd:39-42: Lost braces
39 | continuous = function(Xytrain){ #defalt is OLS regression
| ^
checkRd: (-1) PTE_bootstrap_inference.Rd:43-47: Lost braces
43 | incidence = function(Xytrain){ #default is logistic regression
| ^
checkRd: (-1) PTE_bootstrap_inference.Rd:48-52: Lost braces
48 | survival = function(Xytrain){ #default is Weibull regression
| ^
checkRd: (-1) PTE_bootstrap_inference.Rd:66-68: Lost braces
66 | function(mod, Xyleftout){
| ^
checkRd: (-1) PTE_bootstrap_inference.Rd:74-77: Lost braces
74 | function(results, indices_1_1, indices_0_0, indices_0_1, indices_1_0){
| ^
Flavors: r-devel-linux-x86_64-debian-clang, r-devel-linux-x86_64-debian-gcc, r-devel-linux-x86_64-fedora-clang, r-devel-windows-x86_64, r-patched-linux-x86_64, r-release-linux-x86_64, r-release-macos-arm64, r-release-macos-x86_64, r-release-windows-x86_64
Version: 1.7
Check: dependencies in R code
Result: NOTE
Namespace in Imports field not imported from: ‘grDevices’
All declared Imports should be used.
Flavor: r-devel-linux-x86_64-fedora-clang