Last updated on 2024-07-18 09:52:32 CEST.
Flavor | Version | Tinstall | Tcheck | Ttotal | Status | Flags |
---|---|---|---|---|---|---|
r-devel-linux-x86_64-debian-clang | 1.5.4 | 53.52 | 439.11 | 492.63 | NOTE | |
r-devel-linux-x86_64-debian-gcc | 1.5.4 | 46.35 | 306.06 | 352.41 | NOTE | |
r-devel-linux-x86_64-fedora-clang | 1.5.4 | 594.30 | OK | |||
r-devel-windows-x86_64 | 1.5.4 | 43.00 | 243.00 | 286.00 | NOTE | |
r-patched-linux-x86_64 | 1.5.4 | 58.33 | 403.64 | 461.97 | NOTE | |
r-release-linux-x86_64 | 1.5.4 | 57.48 | 411.87 | 469.35 | NOTE | |
r-release-macos-arm64 | 1.5.4 | 122.00 | NOTE | |||
r-release-macos-x86_64 | 1.5.4 | 237.00 | NOTE | |||
r-release-windows-x86_64 | 1.5.4 | 46.00 | 240.00 | 286.00 | OK | |
r-oldrel-macos-arm64 | 1.5.4 | 120.00 | NOTE | |||
r-oldrel-macos-x86_64 | 1.5.4 | 234.00 | NOTE | |||
r-oldrel-windows-x86_64 | 1.5.4 | 62.00 | 336.00 | 398.00 | NOTE |
Version: 1.5.4
Check: package dependencies
Result: NOTE
Package suggested but not available for checking: ‘INLA’
Flavors: r-devel-linux-x86_64-debian-clang, r-devel-linux-x86_64-debian-gcc, r-patched-linux-x86_64, r-release-linux-x86_64, r-release-macos-arm64, r-release-macos-x86_64, r-oldrel-macos-arm64, r-oldrel-macos-x86_64, r-oldrel-windows-x86_64
Version: 1.5.4
Check: Rd cross-references
Result: NOTE
Found the following Rd file(s) with Rd \link{} targets missing package
anchors:
adjust.sigma2.Rd: pdist
binomial.logistic.MCML.Rd: maxBFGS
glgm.LA.Rd: maxBFGS
linear.model.MLE.Rd: maxBFGS
lm.ps.MCML.Rd: maxBFGS
poisson.log.MCML.Rd: maxBFGS
spat.corr.diagnostic.Rd: glmer
Please provide package anchors for all Rd \link{} targets not in the
package itself and the base packages.
Flavor: r-devel-windows-x86_64