Last updated on 2024-07-18 09:52:32 CEST.
Flavor | Version | Tinstall | Tcheck | Ttotal | Status | Flags |
---|---|---|---|---|---|---|
r-devel-linux-x86_64-debian-clang | 1.4 | 195.96 | 697.63 | 893.59 | OK | |
r-devel-linux-x86_64-debian-gcc | 1.4 | 132.28 | 525.91 | 658.19 | OK | |
r-devel-linux-x86_64-fedora-clang | 1.4 | 1267.08 | NOTE | |||
r-devel-windows-x86_64 | 1.4 | 161.00 | 476.00 | 637.00 | NOTE | |
r-patched-linux-x86_64 | 1.4 | 186.93 | 653.84 | 840.77 | OK | |
r-release-linux-x86_64 | 1.4 | 173.52 | 668.22 | 841.74 | OK | |
r-release-macos-arm64 | 1.4 | 4.00 | ERROR | |||
r-release-macos-x86_64 | 1.4 | 412.00 | NOTE | |||
r-release-windows-x86_64 | 1.4 | 169.00 | 480.00 | 649.00 | OK | |
r-oldrel-macos-arm64 | 1.4 | 191.00 | NOTE | |||
r-oldrel-macos-x86_64 | 1.4 | 14.00 | ERROR | |||
r-oldrel-windows-x86_64 | 1.4 | 201.00 | 644.00 | 845.00 | OK |
Version: 1.4
Check: dependencies in R code
Result: NOTE
Namespace in Imports field not imported from: ‘Rcpp’
All declared Imports should be used.
Flavor: r-devel-linux-x86_64-fedora-clang
Version: 1.4
Check: Rd cross-references
Result: NOTE
Found the following Rd file(s) with Rd \link{} targets missing package
anchors:
AddAdj.Rd: getAdj_auto
AddParSettingFAST.Rd: CreatePRECASTObject
FAST.Rd: CreatePRECASTObject
IntegrateSRTData.Rd: CreatePRECASTObject
RunHarmonyLouvain.Rd: CreatePRECASTObject
RuniSCMEB.Rd: CreatePRECASTObject
iscmeb_run.Rd: Mclust
Please provide package anchors for all Rd \link{} targets not in the
package itself and the base packages.
Flavor: r-devel-windows-x86_64
Version: 1.4
Check: package dependencies
Result: ERROR
Package required but not available: ‘org.Mm.eg.db’
See section ‘The DESCRIPTION file’ in the ‘Writing R Extensions’
manual.
Flavors: r-release-macos-arm64, r-oldrel-macos-x86_64
Version: 1.4
Check: installed package size
Result: NOTE
installed size is 15.9Mb
sub-directories of 1Mb or more:
data 2.2Mb
libs 13.1Mb
Flavors: r-release-macos-x86_64, r-oldrel-macos-arm64