Last updated on 2024-07-18 09:52:32 CEST.
Flavor | Version | Tinstall | Tcheck | Ttotal | Status | Flags |
---|---|---|---|---|---|---|
r-devel-linux-x86_64-debian-clang | 0.1.7 | 3.22 | 37.34 | 40.56 | NOTE | |
r-devel-linux-x86_64-debian-gcc | 0.1.7 | 2.19 | 27.75 | 29.94 | NOTE | |
r-devel-linux-x86_64-fedora-clang | 0.1.7 | 51.73 | NOTE | |||
r-devel-windows-x86_64 | 0.1.7 | 3.00 | 48.00 | 51.00 | NOTE | |
r-patched-linux-x86_64 | 0.1.7 | 3.15 | 35.47 | 38.62 | NOTE | |
r-release-linux-x86_64 | 0.1.7 | 3.46 | 34.37 | 37.83 | NOTE | |
r-release-macos-arm64 | 0.1.7 | 22.00 | NOTE | |||
r-release-macos-x86_64 | 0.1.7 | 36.00 | NOTE | |||
r-release-windows-x86_64 | 0.1.7 | 4.00 | 48.00 | 52.00 | NOTE | |
r-oldrel-macos-arm64 | 0.1.7 | 24.00 | NOTE | |||
r-oldrel-macos-x86_64 | 0.1.7 | 37.00 | NOTE | |||
r-oldrel-windows-x86_64 | 0.1.7 | 5.00 | 51.00 | 56.00 | NOTE |
Version: 0.1.7
Check: LazyData
Result: NOTE
'LazyData' is specified without a 'data' directory
Flavors: r-devel-linux-x86_64-debian-clang, r-devel-linux-x86_64-debian-gcc, r-devel-linux-x86_64-fedora-clang, r-devel-windows-x86_64, r-patched-linux-x86_64, r-release-linux-x86_64, r-release-macos-arm64, r-release-macos-x86_64, r-release-windows-x86_64, r-oldrel-macos-arm64, r-oldrel-macos-x86_64, r-oldrel-windows-x86_64