Last updated on 2024-07-18 09:52:32 CEST.
Flavor | Version | Tinstall | Tcheck | Ttotal | Status | Flags |
---|---|---|---|---|---|---|
r-devel-linux-x86_64-debian-clang | 1.0.0 | 4.59 | 64.03 | 68.62 | OK | |
r-devel-linux-x86_64-debian-gcc | 1.0.0 | 3.47 | 46.57 | 50.04 | OK | |
r-devel-linux-x86_64-fedora-clang | 1.0.0 | 85.18 | OK | |||
r-devel-windows-x86_64 | 1.0.0 | 5.00 | 71.00 | 76.00 | OK | |
r-patched-linux-x86_64 | 1.0.0 | 6.02 | 59.51 | 65.53 | OK | |
r-release-linux-x86_64 | 1.0.0 | 4.47 | 59.47 | 63.94 | OK | |
r-release-macos-arm64 | 1.0.0 | 35.00 | WARN | |||
r-release-macos-x86_64 | 1.0.0 | 57.00 | WARN | |||
r-release-windows-x86_64 | 1.0.0 | 5.00 | 72.00 | 77.00 | OK | |
r-oldrel-macos-arm64 | 1.0.0 | 44.00 | WARN | |||
r-oldrel-macos-x86_64 | 1.0.0 | 76.00 | WARN | |||
r-oldrel-windows-x86_64 | 1.0.0 | 6.00 | 77.00 | 83.00 | OK |
Version: 1.0.0
Check: dependencies in R code
Result: WARN
Missing or unexported objects:
‘async::http_get’ ‘async::http_stop_for_status’ ‘async::synchronise’
‘async::when_all’
Flavors: r-release-macos-arm64, r-release-macos-x86_64, r-oldrel-macos-arm64, r-oldrel-macos-x86_64