Last updated on 2024-05-21 17:50:07 CEST.
Flavor | Version | Tinstall | Tcheck | Ttotal | Status | Flags |
---|---|---|---|---|---|---|
r-devel-linux-x86_64-debian-clang | 2.5.1 | 1.86 | 33.44 | 35.30 | OK | |
r-devel-linux-x86_64-debian-gcc | 2.5.1 | 1.62 | 25.69 | 27.31 | OK | |
r-devel-linux-x86_64-fedora-clang | 2.5.1 | 44.98 | OK | |||
r-devel-linux-x86_64-fedora-gcc | 2.5.1 | 41.84 | OK | |||
r-devel-windows-x86_64 | 2.5.1 | 4.00 | 52.00 | 56.00 | OK | |
r-patched-linux-x86_64 | 2.5.1 | 1.91 | 32.47 | 34.38 | OK | |
r-release-linux-x86_64 | 2.5.1 | 1.90 | 31.60 | 33.50 | OK | |
r-release-macos-arm64 | 2.5.1 | 18.00 | OK | |||
r-release-macos-x86_64 | 2.5.1 | 20.00 | ERROR | |||
r-release-windows-x86_64 | 2.5.1 | 4.00 | 53.00 | 57.00 | OK | |
r-oldrel-macos-arm64 | 2.5.1 | 22.00 | OK | |||
r-oldrel-macos-x86_64 | 2.5.1 | 25.00 | OK | |||
r-oldrel-windows-x86_64 | 2.5.1 | 4.00 | 52.00 | 56.00 | OK |
Version: 2.5.1
Check: package dependencies
Result: NOTE
Packages suggested but not available for checking: 'testthat', 'pryr'
Flavor: r-release-macos-x86_64
Version: 2.5.1
Check: tests
Result: ERROR
Running ‘testthat.R’ [0s/0s]
Running the tests in ‘tests/testthat.R’ failed.
Complete output:
> library(testthat)
Error in library(testthat) : there is no package called 'testthat'
Execution halted
* checking PDF version of manual ...* using check arguments '--no-clean-on-error '
Flavor: r-release-macos-x86_64