Last updated on 2024-07-18 09:52:33 CEST.
Flavor | Version | Tinstall | Tcheck | Ttotal | Status | Flags |
---|---|---|---|---|---|---|
r-devel-linux-x86_64-debian-clang | 0.1.1 | 2.65 | 48.18 | 50.83 | OK | |
r-devel-linux-x86_64-debian-gcc | 0.1.1 | 2.13 | 37.07 | 39.20 | OK | |
r-devel-linux-x86_64-fedora-clang | 0.1.1 | 64.94 | NOTE | |||
r-devel-windows-x86_64 | 0.1.1 | 4.00 | 355.00 | 359.00 | OK | |
r-patched-linux-x86_64 | 0.1.1 | 2.75 | 46.96 | 49.71 | OK | |
r-release-linux-x86_64 | 0.1.1 | 2.69 | 47.57 | 50.26 | OK | |
r-release-macos-arm64 | 0.1.1 | 211.00 | OK | |||
r-release-macos-x86_64 | 0.1.1 | 332.00 | OK | |||
r-release-windows-x86_64 | 0.1.1 | 3.00 | 356.00 | 359.00 | OK | |
r-oldrel-macos-arm64 | 0.1.1 | 237.00 | OK | |||
r-oldrel-macos-x86_64 | 0.1.1 | 331.00 | OK | |||
r-oldrel-windows-x86_64 | 0.1.1 | 4.00 | 484.00 | 488.00 | OK |
Version: 0.1.1
Check: dependencies in R code
Result: NOTE
Namespaces in Imports field not imported from:
‘asd’ ‘cubature’ ‘data.table’ ‘ggplot2’ ‘multxpert’ ‘survival’
All declared Imports should be used.
Flavor: r-devel-linux-x86_64-fedora-clang