Last updated on 2024-07-18 09:52:33 CEST.
Flavor | Version | Tinstall | Tcheck | Ttotal | Status | Flags |
---|---|---|---|---|---|---|
r-devel-linux-x86_64-debian-clang | 0.1.35 | 123.03 | 234.68 | 357.71 | OK | |
r-devel-linux-x86_64-debian-gcc | 0.1.35 | 91.86 | 174.66 | 266.52 | OK | |
r-devel-linux-x86_64-fedora-clang | 0.1.35 | 430.86 | OK | |||
r-devel-windows-x86_64 | 0.1.35 | 85.00 | 198.00 | 283.00 | OK | |
r-patched-linux-x86_64 | 0.1.35 | 104.25 | 224.83 | 329.08 | OK | |
r-release-linux-x86_64 | 0.1.35 | 111.24 | 227.08 | 338.32 | OK | |
r-release-macos-arm64 | 0.1.35 | 110.00 | NOTE | |||
r-release-macos-x86_64 | 0.1.35 | 175.00 | NOTE | |||
r-release-windows-x86_64 | 0.1.35 | 83.00 | 195.00 | 278.00 | OK | |
r-oldrel-macos-arm64 | 0.1.35 | 112.00 | NOTE | |||
r-oldrel-macos-x86_64 | 0.1.35 | 327.00 | NOTE | |||
r-oldrel-windows-x86_64 | 0.1.35 | 107.00 | 245.00 | 352.00 | OK |
Version: 0.1.35
Check: installed package size
Result: NOTE
installed size is 34.7Mb
sub-directories of 1Mb or more:
libs 33.2Mb
Flavors: r-release-macos-arm64, r-release-macos-x86_64, r-oldrel-macos-arm64, r-oldrel-macos-x86_64