Last updated on 2024-07-18 09:52:33 CEST.
Flavor | Version | Tinstall | Tcheck | Ttotal | Status | Flags |
---|---|---|---|---|---|---|
r-devel-linux-x86_64-debian-clang | 1.3.3 | 67.78 | 385.38 | 453.16 | OK | |
r-devel-linux-x86_64-debian-gcc | 1.3.3 | 47.50 | 290.34 | 337.84 | OK | |
r-devel-linux-x86_64-fedora-clang | 1.3.3 | 572.44 | OK | |||
r-devel-windows-x86_64 | 1.3.3 | 55.00 | 342.00 | 397.00 | NOTE | |
r-patched-linux-x86_64 | 1.3.3 | 63.69 | 369.25 | 432.94 | OK | |
r-release-linux-x86_64 | 1.3.3 | 42.59 | 375.47 | 418.06 | OK | |
r-release-macos-arm64 | 1.3.3 | 136.00 | OK | |||
r-release-macos-x86_64 | 1.3.3 | 227.00 | OK | |||
r-release-windows-x86_64 | 1.3.3 | 56.00 | 344.00 | 400.00 | OK | |
r-oldrel-macos-arm64 | 1.3.3 | 143.00 | OK | |||
r-oldrel-macos-x86_64 | 1.3.3 | 388.00 | OK | |||
r-oldrel-windows-x86_64 | 1.3.3 | 71.00 | 419.00 | 490.00 | OK |
Version: 1.3.3
Check: Rd cross-references
Result: NOTE
Found the following Rd file(s) with Rd \link{} targets missing package
anchors:
fLoadAmeriflux22.Rd: read_csv
fLoadFluxnet15.Rd: cols, read_csv
Please provide package anchors for all Rd \link{} targets not in the
package itself and the base packages.
Flavor: r-devel-windows-x86_64