Last updated on 2024-05-21 17:50:08 CEST.
Flavor | Version | Tinstall | Tcheck | Ttotal | Status | Flags |
---|---|---|---|---|---|---|
r-devel-linux-x86_64-debian-clang | 0.1.2 | 5.56 | 43.29 | 48.85 | NOTE | |
r-devel-linux-x86_64-debian-gcc | 0.1.2 | 5.42 | 33.42 | 38.84 | NOTE | |
r-devel-linux-x86_64-fedora-clang | 0.1.2 | 62.49 | NOTE | |||
r-devel-linux-x86_64-fedora-gcc | 0.1.2 | 58.88 | NOTE | |||
r-devel-windows-x86_64 | 0.1.2 | 7.00 | 52.00 | 59.00 | NOTE | |
r-patched-linux-x86_64 | 0.1.2 | 6.77 | 42.44 | 49.21 | NOTE | |
r-release-linux-x86_64 | 0.1.2 | 4.89 | 41.69 | 46.58 | NOTE | |
r-release-macos-arm64 | 0.1.2 | 22.00 | NOTE | |||
r-release-windows-x86_64 | 0.1.2 | 6.00 | 53.00 | 59.00 | NOTE | |
r-oldrel-macos-arm64 | 0.1.2 | 23.00 | NOTE | |||
r-oldrel-macos-x86_64 | 0.1.2 | 32.00 | NOTE | |||
r-oldrel-windows-x86_64 | 0.1.2 | 8.00 | 56.00 | 64.00 | NOTE |
Version: 0.1.2
Check: LazyData
Result: NOTE
'LazyData' is specified without a 'data' directory
Flavors: r-devel-linux-x86_64-debian-clang, r-devel-linux-x86_64-debian-gcc, r-devel-linux-x86_64-fedora-clang, r-devel-linux-x86_64-fedora-gcc, r-devel-windows-x86_64, r-patched-linux-x86_64, r-release-linux-x86_64, r-release-macos-arm64, r-release-windows-x86_64, r-oldrel-macos-arm64, r-oldrel-macos-x86_64, r-oldrel-windows-x86_64