Last updated on 2024-07-18 09:52:34 CEST.
Flavor | Version | Tinstall | Tcheck | Ttotal | Status | Flags |
---|---|---|---|---|---|---|
r-devel-linux-x86_64-debian-clang | 4.2.7 | 22.64 | 152.20 | 174.84 | OK | |
r-devel-linux-x86_64-debian-gcc | 4.2.7 | 15.12 | 111.31 | 126.43 | OK | |
r-devel-linux-x86_64-fedora-clang | 4.2.7 | 216.90 | NOTE | |||
r-devel-windows-x86_64 | 4.2.7 | 19.00 | 131.00 | 150.00 | NOTE | |
r-patched-linux-x86_64 | 4.2.7 | 23.81 | 143.97 | 167.78 | OK | |
r-release-linux-x86_64 | 4.2.7 | 13.85 | 141.96 | 155.81 | OK | |
r-release-macos-arm64 | 4.2.7 | 59.00 | OK | |||
r-release-macos-x86_64 | 4.2.7 | 95.00 | OK | |||
r-release-windows-x86_64 | 4.2.7 | 19.00 | 130.00 | 149.00 | OK | |
r-oldrel-macos-arm64 | 4.2.7 | 67.00 | OK | |||
r-oldrel-macos-x86_64 | 4.2.7 | 99.00 | OK | |||
r-oldrel-windows-x86_64 | 4.2.7 | 26.00 | 162.00 | 188.00 | OK |
Version: 4.2.7
Check: Rd cross-references
Result: NOTE
Undeclared packages ‘tseries’, ‘TSA’ in Rd xrefs
Flavor: r-devel-linux-x86_64-fedora-clang
Version: 4.2.7
Check: Rd cross-references
Result: NOTE
Found the following Rd file(s) with Rd \link{} targets missing package
anchors:
CalculateCorrDim.Rd: corrDim
CalculateEmbeddingDim.Rd: buildTakens
CalculateInfDim.Rd: infDim
Please provide package anchors for all Rd \link{} targets not in the
package itself and the base packages.
Flavor: r-devel-windows-x86_64