Last updated on 2024-07-18 09:52:34 CEST.
Flavor | Version | Tinstall | Tcheck | Ttotal | Status | Flags |
---|---|---|---|---|---|---|
r-devel-linux-x86_64-debian-clang | 1.1.0 | 10.36 | 114.35 | 124.71 | NOTE | |
r-devel-linux-x86_64-debian-gcc | 1.1.0 | 8.46 | 86.39 | 94.85 | NOTE | |
r-devel-linux-x86_64-fedora-clang | 1.1.0 | 167.38 | NOTE | |||
r-devel-windows-x86_64 | 1.1.0 | 12.00 | 99.00 | 111.00 | NOTE | |
r-patched-linux-x86_64 | 1.1.0 | 9.74 | 110.71 | 120.45 | NOTE | |
r-release-linux-x86_64 | 1.1.0 | 10.01 | 110.89 | 120.90 | NOTE | |
r-release-macos-arm64 | 1.1.0 | 50.00 | NOTE | |||
r-release-macos-x86_64 | 1.1.0 | 105.00 | NOTE | |||
r-release-windows-x86_64 | 1.1.0 | 11.00 | 100.00 | 111.00 | NOTE | |
r-oldrel-macos-arm64 | 1.1.0 | 50.00 | NOTE | |||
r-oldrel-macos-x86_64 | 1.1.0 | 83.00 | NOTE | |||
r-oldrel-windows-x86_64 | 1.1.0 | 15.00 | 119.00 | 134.00 | NOTE |
Version: 1.1.0
Check: LazyData
Result: NOTE
'LazyData' is specified without a 'data' directory
Flavors: r-devel-linux-x86_64-debian-clang, r-devel-linux-x86_64-debian-gcc, r-devel-linux-x86_64-fedora-clang, r-devel-windows-x86_64, r-patched-linux-x86_64, r-release-linux-x86_64, r-release-macos-arm64, r-release-macos-x86_64, r-release-windows-x86_64, r-oldrel-macos-arm64, r-oldrel-macos-x86_64, r-oldrel-windows-x86_64