Last updated on 2024-07-18 09:52:35 CEST.
Flavor | Version | Tinstall | Tcheck | Ttotal | Status | Flags |
---|---|---|---|---|---|---|
r-devel-linux-x86_64-debian-clang | 1.0.0 | 193.55 | 650.28 | 843.83 | OK | |
r-devel-linux-x86_64-debian-gcc | 1.0.0 | 121.60 | 450.10 | 571.70 | OK | |
r-devel-linux-x86_64-fedora-clang | 1.0.0 | 1136.37 | OK | |||
r-devel-windows-x86_64 | 1.0.0 | 143.00 | 428.00 | 571.00 | OK | |
r-patched-linux-x86_64 | 1.0.0 | 102.43 | 599.78 | 702.21 | OK | |
r-release-linux-x86_64 | 1.0.0 | 114.64 | 593.25 | 707.89 | OK | |
r-release-macos-arm64 | 1.0.0 | 228.00 | NOTE | |||
r-release-macos-x86_64 | 1.0.0 | 338.00 | NOTE | |||
r-release-windows-x86_64 | 1.0.0 | 140.00 | 416.00 | 556.00 | OK | |
r-oldrel-macos-arm64 | 1.0.0 | 256.00 | NOTE | |||
r-oldrel-macos-x86_64 | 1.0.0 | 454.00 | NOTE | |||
r-oldrel-windows-x86_64 | 1.0.0 | 187.00 | 555.00 | 742.00 | OK |
Version: 1.0.0
Check: installed package size
Result: NOTE
installed size is 5.9Mb
sub-directories of 1Mb or more:
external 1.6Mb
libs 3.8Mb
Flavors: r-release-macos-arm64, r-release-macos-x86_64, r-oldrel-macos-arm64, r-oldrel-macos-x86_64