Last updated on 2024-07-18 09:52:33 CEST.
Flavor | Version | Tinstall | Tcheck | Ttotal | Status | Flags |
---|---|---|---|---|---|---|
r-devel-linux-x86_64-debian-clang | 3.0.0 | 26.91 | 451.73 | 478.64 | OK | |
r-devel-linux-x86_64-debian-gcc | 3.0.0 | 23.22 | 314.36 | 337.58 | OK | |
r-devel-linux-x86_64-fedora-clang | 3.0.0 | 565.26 | OK | |||
r-devel-windows-x86_64 | 3.0.0 | 22.00 | 268.00 | 290.00 | OK | |
r-patched-linux-x86_64 | 3.0.0 | 17.84 | 421.49 | 439.33 | OK | |
r-release-linux-x86_64 | 3.0.0 | 18.29 | 419.56 | 437.85 | OK | |
r-release-macos-arm64 | 3.0.0 | 110.00 | NOTE | |||
r-release-macos-x86_64 | 3.0.0 | 187.00 | NOTE | |||
r-release-windows-x86_64 | 3.0.0 | 21.00 | 267.00 | 288.00 | OK | |
r-oldrel-macos-arm64 | 3.0.0 | 121.00 | OK | |||
r-oldrel-macos-x86_64 | 3.0.0 | 217.00 | NOTE | |||
r-oldrel-windows-x86_64 | 3.0.0 | 33.00 | 344.00 | 377.00 | OK |
Version: 3.0.0
Check: installed package size
Result: NOTE
installed size is 5.2Mb
sub-directories of 1Mb or more:
data 4.5Mb
Flavors: r-release-macos-arm64, r-release-macos-x86_64, r-oldrel-macos-x86_64