Last updated on 2024-07-18 09:52:34 CEST.
Flavor | Version | Tinstall | Tcheck | Ttotal | Status | Flags |
---|---|---|---|---|---|---|
r-devel-linux-x86_64-debian-clang | 1.2.3 | 70.40 | 75.33 | 145.73 | OK | |
r-devel-linux-x86_64-debian-gcc | 1.2.3 | 55.15 | 56.01 | 111.16 | OK | |
r-devel-linux-x86_64-fedora-clang | 1.2.3 | 214.76 | OK | |||
r-devel-windows-x86_64 | 1.2.3 | 58.00 | 104.00 | 162.00 | OK | |
r-patched-linux-x86_64 | 1.2.3 | 66.77 | 70.10 | 136.87 | OK | |
r-release-linux-x86_64 | 1.2.3 | 63.56 | 71.94 | 135.50 | OK | |
r-release-macos-arm64 | 1.2.3 | 76.00 | NOTE | |||
r-release-macos-x86_64 | 1.2.3 | 76.00 | NOTE | |||
r-release-windows-x86_64 | 1.2.3 | 63.00 | 105.00 | 168.00 | OK | |
r-oldrel-macos-arm64 | 1.2.3 | 70.00 | NOTE | |||
r-oldrel-macos-x86_64 | 1.2.3 | 134.00 | NOTE | |||
r-oldrel-windows-x86_64 | 1.2.3 | 62.00 | 121.00 | 183.00 | OK |
Version: 1.2.3
Check: installed package size
Result: NOTE
installed size is 6.3Mb
sub-directories of 1Mb or more:
libs 3.4Mb
swagger 1.4Mb
Flavors: r-release-macos-arm64, r-release-macos-x86_64, r-oldrel-macos-arm64, r-oldrel-macos-x86_64