Last updated on 2024-07-18 09:52:34 CEST.
Flavor | Version | Tinstall | Tcheck | Ttotal | Status | Flags |
---|---|---|---|---|---|---|
r-devel-linux-x86_64-debian-clang | 0.2-1 | 1092.00 | 225.69 | 1317.69 | NOTE | |
r-devel-linux-x86_64-debian-gcc | 0.2-2 | 1342.36 | 286.25 | 1628.61 | NOTE | |
r-devel-linux-x86_64-fedora-clang | 0.2-2 | 2023.14 | NOTE | |||
r-devel-windows-x86_64 | 0.2-2 | 1002.00 | 327.00 | 1329.00 | NOTE | |
r-patched-linux-x86_64 | 0.2-1 | 782.43 | 295.72 | 1078.15 | NOTE | |
r-release-linux-x86_64 | 0.2-1 | 0.02 | 2.72 | 2.74 | ERROR | |
r-release-macos-arm64 | 0.2-2 | 820.00 | NOTE | |||
r-release-macos-x86_64 | 0.2-2 | 563.00 | NOTE | |||
r-release-windows-x86_64 | 0.2-2 | 925.00 | 300.00 | 1225.00 | NOTE | |
r-oldrel-macos-arm64 | 0.2-2 | 926.00 | NOTE | |||
r-oldrel-macos-x86_64 | 0.2-2 | 515.00 | NOTE | |||
r-oldrel-windows-x86_64 | 0.2-1 | 1041.00 | 298.00 | 1339.00 | NOTE |
Version: 0.2-1
Check: for GNU extensions in Makefiles
Result: NOTE
GNU make is a SystemRequirements.
Flavors: r-devel-linux-x86_64-debian-clang, r-patched-linux-x86_64, r-oldrel-windows-x86_64
Version: 0.2-2
Check: for GNU extensions in Makefiles
Result: NOTE
GNU make is a SystemRequirements.
Flavors: r-devel-linux-x86_64-debian-gcc, r-devel-linux-x86_64-fedora-clang, r-devel-windows-x86_64, r-release-macos-arm64, r-release-macos-x86_64, r-release-windows-x86_64, r-oldrel-macos-arm64, r-oldrel-macos-x86_64
Version: 0.2-2
Check: installed package size
Result: NOTE
installed size is 16.0Mb
sub-directories of 1Mb or more:
libs 15.0Mb
Flavors: r-devel-linux-x86_64-fedora-clang, r-devel-windows-x86_64, r-release-macos-arm64, r-release-macos-x86_64, r-release-windows-x86_64, r-oldrel-macos-arm64, r-oldrel-macos-x86_64
Version: 0.2-1
Check: whether package can be installed
Result: ERROR
Installation failed.
Flavor: r-release-linux-x86_64
Version: 0.2-1
Check: installed package size
Result: NOTE
installed size is 7.8Mb
sub-directories of 1Mb or more:
libs 7.1Mb
Flavor: r-oldrel-windows-x86_64