Last updated on 2024-07-18 09:52:34 CEST.
Flavor | Version | Tinstall | Tcheck | Ttotal | Status | Flags |
---|---|---|---|---|---|---|
r-devel-linux-x86_64-debian-clang | 3.11.1 | 25.80 | 169.66 | 195.46 | OK | |
r-devel-linux-x86_64-debian-gcc | 3.11.1 | 23.13 | 123.67 | 146.80 | OK | |
r-devel-linux-x86_64-fedora-clang | 3.11.1 | 268.31 | OK | |||
r-devel-windows-x86_64 | 3.11.1 | 22.00 | 135.00 | 157.00 | OK | |
r-patched-linux-x86_64 | 3.11.1 | 0.57 | 2.01 | 2.58 | ERROR | |
r-release-linux-x86_64 | 3.11.1 | 20.23 | 163.20 | 183.43 | OK | |
r-release-macos-arm64 | 3.11.1 | 66.00 | OK | |||
r-release-macos-x86_64 | 3.11.1 | 153.00 | OK | |||
r-release-windows-x86_64 | 3.11.1 | 22.00 | 136.00 | 158.00 | OK | |
r-oldrel-macos-arm64 | 3.11.1 | 75.00 | OK | |||
r-oldrel-macos-x86_64 | 3.11.1 | 132.00 | OK | |||
r-oldrel-windows-x86_64 | 3.11.1 | 31.00 | 168.00 | 199.00 | OK |
Version: 3.11.1
Check: package dependencies
Result: ERROR
Package required but not available: ‘prophet’
See section ‘The DESCRIPTION file’ in the ‘Writing R Extensions’
manual.
Flavor: r-patched-linux-x86_64