Last updated on 2024-07-18 09:52:35 CEST.
Flavor | Version | Tinstall | Tcheck | Ttotal | Status | Flags |
---|---|---|---|---|---|---|
r-devel-linux-x86_64-debian-clang | 1.0.0 | 3.50 | 50.61 | 54.11 | NOTE | |
r-devel-linux-x86_64-debian-gcc | 1.0.0 | 2.46 | 37.39 | 39.85 | NOTE | |
r-devel-linux-x86_64-fedora-clang | 1.0.0 | 68.57 | NOTE | |||
r-devel-windows-x86_64 | 1.0.0 | 4.00 | 66.00 | 70.00 | NOTE | |
r-patched-linux-x86_64 | 1.0.0 | 4.44 | 46.65 | 51.09 | NOTE | |
r-release-linux-x86_64 | 1.0.0 | 3.19 | 48.25 | 51.44 | NOTE | |
r-release-macos-arm64 | 1.0.0 | 32.00 | NOTE | |||
r-release-macos-x86_64 | 1.0.0 | 46.00 | NOTE | |||
r-release-windows-x86_64 | 1.0.0 | 4.00 | 65.00 | 69.00 | NOTE | |
r-oldrel-macos-arm64 | 1.0.0 | 31.00 | NOTE | |||
r-oldrel-macos-x86_64 | 1.0.0 | 40.00 | NOTE | |||
r-oldrel-windows-x86_64 | 1.0.0 | 5.00 | 68.00 | 73.00 | NOTE |
Version: 1.0.0
Check: LazyData
Result: NOTE
'LazyData' is specified without a 'data' directory
Flavors: r-devel-linux-x86_64-debian-clang, r-devel-linux-x86_64-debian-gcc, r-devel-linux-x86_64-fedora-clang, r-devel-windows-x86_64, r-patched-linux-x86_64, r-release-linux-x86_64, r-release-macos-arm64, r-release-macos-x86_64, r-release-windows-x86_64, r-oldrel-macos-arm64, r-oldrel-macos-x86_64, r-oldrel-windows-x86_64