Last updated on 2024-07-18 09:52:35 CEST.
Flavor | Version | Tinstall | Tcheck | Ttotal | Status | Flags |
---|---|---|---|---|---|---|
r-devel-linux-x86_64-debian-clang | 2.7.3 | 34.70 | 352.59 | 387.29 | OK | |
r-devel-linux-x86_64-debian-gcc | 2.7.3 | 22.64 | 248.40 | 271.04 | OK | |
r-devel-linux-x86_64-fedora-clang | 2.7.3 | 456.46 | NOTE | |||
r-devel-windows-x86_64 | 2.7.3 | 26.00 | 201.00 | 227.00 | OK | |
r-patched-linux-x86_64 | 2.7.3 | 26.23 | 321.78 | 348.01 | OK | |
r-release-linux-x86_64 | 2.7.3 | 19.91 | 321.10 | 341.01 | OK | |
r-release-macos-arm64 | 2.7.3 | 104.00 | OK | |||
r-release-macos-x86_64 | 2.7.3 | 161.00 | OK | |||
r-release-windows-x86_64 | 2.7.3 | 25.00 | 207.00 | 232.00 | OK | |
r-oldrel-macos-arm64 | 2.7.3 | 58.00 | OK | |||
r-oldrel-macos-x86_64 | 2.7.3 | 100.00 | OK | |||
r-oldrel-windows-x86_64 | 2.7.3 | 34.00 | 299.00 | 333.00 | OK |
Version: 2.7.3
Check: data for non-ASCII characters
Result: NOTE
Note: found 5 marked Latin-1 strings
Note: found 51869 marked UTF-8 strings
Flavor: r-devel-linux-x86_64-fedora-clang