Last updated on 2024-07-18 09:52:35 CEST.
Flavor | Version | Tinstall | Tcheck | Ttotal | Status | Flags |
---|---|---|---|---|---|---|
r-devel-linux-x86_64-debian-clang | 1.3.1 | 84.62 | 446.67 | 531.29 | OK | |
r-devel-linux-x86_64-debian-gcc | 1.3.1 | 71.67 | 316.71 | 388.38 | OK | |
r-devel-linux-x86_64-fedora-clang | 1.3.1 | 704.82 | OK | |||
r-devel-windows-x86_64 | 1.3.1 | 71.00 | 314.00 | 385.00 | NOTE | |
r-patched-linux-x86_64 | 1.3.1 | 82.15 | 415.09 | 497.24 | OK | |
r-release-linux-x86_64 | 1.3.1 | 80.35 | 414.55 | 494.90 | OK | |
r-release-macos-arm64 | 1.3.1 | 161.00 | OK | |||
r-release-macos-x86_64 | 1.3.1 | 252.00 | OK | |||
r-release-windows-x86_64 | 1.3.1 | 73.00 | 308.00 | 381.00 | OK | |
r-oldrel-macos-arm64 | 1.3.1 | 150.00 | OK | |||
r-oldrel-macos-x86_64 | 1.3.1 | 414.00 | OK | |||
r-oldrel-windows-x86_64 | 1.3.1 | 96.00 | 426.00 | 522.00 | OK |
Version: 1.3.1
Check: Rd cross-references
Result: NOTE
Found the following Rd file(s) with Rd \link{} targets missing package
anchors:
ANN-class.Rd: nnet
BRT-class.Rd: gbm
RF-class.Rd: randomForest
SDMmodel2MaxEnt.Rd: MaxEnt-class
Please provide package anchors for all Rd \link{} targets not in the
package itself and the base packages.
Flavor: r-devel-windows-x86_64