Last updated on 2024-07-18 09:52:35 CEST.
Flavor | Version | Tinstall | Tcheck | Ttotal | Status | Flags |
---|---|---|---|---|---|---|
r-devel-linux-x86_64-debian-clang | 2.1-0.0 | 70.19 | 343.19 | 413.38 | OK | |
r-devel-linux-x86_64-debian-gcc | 2.1-0.0 | 51.09 | 243.41 | 294.50 | OK | |
r-devel-linux-x86_64-fedora-clang | 2.1-0.0 | 530.20 | NOTE | |||
r-devel-windows-x86_64 | 2.1-0.0 | 57.00 | 224.00 | 281.00 | NOTE | |
r-patched-linux-x86_64 | 2.1-0.0 | 51.59 | 318.03 | 369.62 | OK | |
r-release-linux-x86_64 | 2.1-0.0 | 54.06 | 324.93 | 378.99 | OK | |
r-release-macos-arm64 | 2.1-0.0 | 125.00 | NOTE | |||
r-release-macos-x86_64 | 2.1-0.0 | 198.00 | NOTE | |||
r-release-windows-x86_64 | 2.1-0.0 | 57.00 | 220.00 | 277.00 | NOTE | |
r-oldrel-macos-arm64 | 2.1-0.0 | 160.00 | NOTE | |||
r-oldrel-macos-x86_64 | 2.1-0.0 | 325.00 | NOTE | |||
r-oldrel-windows-x86_64 | 2.1-0.0 | 77.00 | 301.00 | 378.00 | NOTE |
Version: 2.1-0.0
Check: package dependencies
Result: NOTE
Imports includes 22 non-default packages.
Importing from so many packages makes the package vulnerable to any of
them becoming unavailable. Move as many as possible to Suggests and
use conditionally.
Flavor: r-devel-linux-x86_64-fedora-clang
Version: 2.1-0.0
Check: installed package size
Result: NOTE
installed size is 6.5Mb
sub-directories of 1Mb or more:
R 1.3Mb
doc 3.8Mb
Flavors: r-devel-linux-x86_64-fedora-clang, r-devel-windows-x86_64, r-release-macos-arm64, r-release-macos-x86_64, r-release-windows-x86_64, r-oldrel-macos-arm64, r-oldrel-macos-x86_64, r-oldrel-windows-x86_64