Last updated on 2024-07-18 09:52:37 CEST.
Flavor | Version | Tinstall | Tcheck | Ttotal | Status | Flags |
---|---|---|---|---|---|---|
r-devel-linux-x86_64-debian-clang | 0.5.8 | 40.25 | 456.30 | 496.55 | NOTE | |
r-devel-linux-x86_64-debian-gcc | 0.5.8 | 39.04 | 331.35 | 370.39 | NOTE | |
r-devel-linux-x86_64-fedora-clang | 0.5.8 | 631.82 | NOTE | |||
r-devel-windows-x86_64 | 0.5.8 | 45.00 | 314.00 | 359.00 | NOTE | |
r-patched-linux-x86_64 | 0.5.8 | 43.91 | 434.65 | 478.56 | NOTE | |
r-release-linux-x86_64 | 0.5.8 | 31.24 | 430.08 | 461.32 | NOTE | |
r-release-macos-arm64 | 0.5.8 | 154.00 | NOTE | |||
r-release-macos-x86_64 | 0.5.8 | 238.00 | NOTE | |||
r-release-windows-x86_64 | 0.5.8 | 44.00 | 320.00 | 364.00 | NOTE | |
r-oldrel-macos-arm64 | 0.5.8 | 161.00 | NOTE | |||
r-oldrel-macos-x86_64 | 0.5.8 | 259.00 | NOTE | |||
r-oldrel-windows-x86_64 | 0.5.8 | 56.00 | 412.00 | 468.00 | NOTE |
Version: 0.5.8
Check: package dependencies
Result: NOTE
Package suggested but not available for checking: ‘STRaitRazoR’
Flavors: r-devel-linux-x86_64-debian-clang, r-devel-linux-x86_64-debian-gcc, r-devel-linux-x86_64-fedora-clang, r-devel-windows-x86_64, r-patched-linux-x86_64, r-release-linux-x86_64, r-release-macos-arm64, r-release-macos-x86_64, r-release-windows-x86_64, r-oldrel-macos-arm64, r-oldrel-macos-x86_64, r-oldrel-windows-x86_64
Version: 0.5.8
Check: Rd cross-references
Result: NOTE
Found the following Rd file(s) with Rd \link{} targets missing package
anchors:
flankingRegions.Rd: tibble
genotypeList.Rd: tibble
noiseList.Rd: tibble
stringCoverageGenotypeList.Rd: tibble
stringCoverageList.Rd: tibble
workflow.control.Rd: tibble
Please provide package anchors for all Rd \link{} targets not in the
package itself and the base packages.
Flavor: r-devel-windows-x86_64