Last updated on 2024-07-18 09:52:38 CEST.
Flavor | Version | Tinstall | Tcheck | Ttotal | Status | Flags |
---|---|---|---|---|---|---|
r-devel-linux-x86_64-debian-clang | 2.2.5.1 | 23.67 | 228.45 | 252.12 | OK | |
r-devel-linux-x86_64-debian-gcc | 2.2.5.1 | 21.51 | 171.56 | 193.07 | OK | |
r-devel-linux-x86_64-fedora-clang | 2.2.5.1 | 331.91 | OK | |||
r-devel-windows-x86_64 | 2.2.5.1 | 25.00 | 211.00 | 236.00 | NOTE | |
r-patched-linux-x86_64 | 2.2.5.1 | 26.29 | 215.85 | 242.14 | OK | |
r-release-linux-x86_64 | 2.2.5.1 | 16.71 | 214.84 | 231.55 | OK | |
r-release-macos-arm64 | 2.2.5.1 | 97.00 | OK | |||
r-release-macos-x86_64 | 2.2.5.1 | 146.00 | OK | |||
r-release-windows-x86_64 | 2.2.5.1 | 25.00 | 211.00 | 236.00 | OK | |
r-oldrel-macos-arm64 | 2.2.5.1 | 98.00 | OK | |||
r-oldrel-macos-x86_64 | 2.2.5.1 | 211.00 | OK | |||
r-oldrel-windows-x86_64 | 2.2.5.1 | 33.00 | 255.00 | 288.00 | OK |
Version: 2.2.5.1
Check: Rd cross-references
Result: NOTE
Found the following Rd file(s) with Rd \link{} targets missing package
anchors:
import_local_nut.Rd: rem_reps, all_params, all_params_dtrng,
single_param
Please provide package anchors for all Rd \link{} targets not in the
package itself and the base packages.
Flavor: r-devel-windows-x86_64