Last updated on 2024-07-18 09:52:36 CEST.
Flavor | Version | Tinstall | Tcheck | Ttotal | Status | Flags |
---|---|---|---|---|---|---|
r-devel-linux-x86_64-debian-clang | 4.9 | 34.31 | 288.03 | 322.34 | NOTE | |
r-devel-linux-x86_64-debian-gcc | 4.9 | 21.48 | 207.79 | 229.27 | NOTE | |
r-devel-linux-x86_64-fedora-clang | 4.9 | 417.56 | NOTE | |||
r-devel-windows-x86_64 | 4.9 | 27.00 | 249.00 | 276.00 | NOTE | |
r-patched-linux-x86_64 | 4.9 | 25.51 | 281.95 | 307.46 | OK | |
r-release-linux-x86_64 | 4.9 | 26.38 | 284.38 | 310.76 | OK | |
r-release-macos-arm64 | 4.9 | 103.00 | OK | |||
r-release-macos-x86_64 | 4.9 | 208.00 | OK | |||
r-release-windows-x86_64 | 4.9 | 27.00 | 244.00 | 271.00 | OK | |
r-oldrel-macos-arm64 | 4.9 | 123.00 | OK | |||
r-oldrel-macos-x86_64 | 4.9 | 316.00 | OK | |||
r-oldrel-windows-x86_64 | 4.9 | 30.00 | 305.00 | 335.00 | OK |
Version: 4.9
Check: compiled code
Result: NOTE
File ‘Sim.DiffProc/libs/Sim.DiffProc.so’:
Found non-API call to R: ‘SET_TYPEOF’
Compiled code should not call non-API entry points in R.
See ‘Writing portable packages’ in the ‘Writing R Extensions’ manual,
and section ‘Moving into C API compliance’ for issues with the use of
non-API entry points.
Flavors: r-devel-linux-x86_64-debian-clang, r-devel-linux-x86_64-debian-gcc, r-devel-linux-x86_64-fedora-clang
Version: 4.9
Check: compiled code
Result: NOTE
File 'Sim.DiffProc/libs/x64/Sim.DiffProc.dll':
Found non-API call to R: 'SET_TYPEOF'
Compiled code should not call non-API entry points in R.
See 'Writing portable packages' in the 'Writing R Extensions' manual,
and section 'Moving into C API compliance' for issues with the use of
non-API entry points.
Flavor: r-devel-windows-x86_64