Last updated on 2024-07-18 09:52:36 CEST.
Flavor | Version | Tinstall | Tcheck | Ttotal | Status | Flags |
---|---|---|---|---|---|---|
r-devel-linux-x86_64-debian-clang | 1.84 | 17.90 | 60.38 | 78.28 | OK | |
r-devel-linux-x86_64-debian-gcc | 1.84 | 9.95 | 44.34 | 54.29 | OK | |
r-devel-linux-x86_64-fedora-clang | 1.84-2 | 104.00 | OK | |||
r-devel-windows-x86_64 | 1.84-2 | 23.00 | 94.00 | 117.00 | OK | |
r-patched-linux-x86_64 | 1.84 | 13.51 | 55.03 | 68.54 | OK | |
r-release-linux-x86_64 | 1.84 | 13.52 | 57.04 | 70.56 | NOTE | |
r-release-macos-arm64 | 1.84-2 | 64.00 | NOTE | |||
r-release-macos-x86_64 | 1.84-2 | 153.00 | NOTE | |||
r-release-windows-x86_64 | 1.84 | 19.00 | 76.00 | 95.00 | NOTE | |
r-oldrel-macos-arm64 | 1.84-2 | 70.00 | NOTE | |||
r-oldrel-macos-x86_64 | 1.84-2 | 145.00 | NOTE | |||
r-oldrel-windows-x86_64 | 1.84 | 20.00 | 85.00 | 105.00 | NOTE |
Version: 1.84
Check: Rd \usage sections
Result: NOTE
S3 methods shown with full name in Rd file 'SparseM.ontology.Rd':
‘as.matrix.csr’ ‘is.matrix.csr’ ‘is.matrix.csc’ ‘is.matrix.ssr’
‘is.matrix.ssc’ ‘is.matrix.coo’
The \usage entries for S3 methods should use the \method markup and not
their full name.
See chapter ‘Writing R documentation files’ in the ‘Writing R
Extensions’ manual.
Flavors: r-release-linux-x86_64, r-release-windows-x86_64
Version: 1.84-2
Check: Rd \usage sections
Result: NOTE
S3 methods shown with full name in Rd file 'SparseM.ontology.Rd':
‘as.matrix.csr’ ‘is.matrix.csr’ ‘is.matrix.csc’ ‘is.matrix.ssr’
‘is.matrix.ssc’ ‘is.matrix.coo’
The \usage entries for S3 methods should use the \method markup and not
their full name.
See chapter ‘Writing R documentation files’ in the ‘Writing R
Extensions’ manual.
Flavors: r-release-macos-arm64, r-release-macos-x86_64
Version: 1.84-2
Check: Rd \usage sections
Result: NOTE
S3 methods shown with full name in documentation object 'SparseM.ontology':
‘as.matrix.csr’ ‘is.matrix.csr’ ‘is.matrix.csc’ ‘is.matrix.ssr’
‘is.matrix.ssc’ ‘is.matrix.coo’
The \usage entries for S3 methods should use the \method markup and not
their full name.
See chapter ‘Writing R documentation files’ in the ‘Writing R
Extensions’ manual.
Flavors: r-oldrel-macos-arm64, r-oldrel-macos-x86_64
Version: 1.84
Check: Rd \usage sections
Result: NOTE
S3 methods shown with full name in documentation object 'SparseM.ontology':
'as.matrix.csr' 'is.matrix.csr' 'is.matrix.csc' 'is.matrix.ssr'
'is.matrix.ssc' 'is.matrix.coo'
The \usage entries for S3 methods should use the \method markup and not
their full name.
See chapter 'Writing R documentation files' in the 'Writing R
Extensions' manual.
Flavor: r-oldrel-windows-x86_64