Last updated on 2024-07-18 09:52:37 CEST.
Flavor | Version | Tinstall | Tcheck | Ttotal | Status | Flags |
---|---|---|---|---|---|---|
r-devel-linux-x86_64-debian-clang | 1.3.0 | 11.67 | 183.59 | 195.26 | OK | |
r-devel-linux-x86_64-debian-gcc | 1.3.0 | 8.82 | 136.97 | 145.79 | OK | |
r-devel-linux-x86_64-fedora-clang | 1.3.0 | 257.92 | NOTE | |||
r-devel-windows-x86_64 | 1.3.0 | 12.00 | 132.00 | 144.00 | NOTE | |
r-patched-linux-x86_64 | 1.3.0 | 10.04 | 175.42 | 185.46 | OK | |
r-release-linux-x86_64 | 1.3.0 | 12.37 | 175.33 | 187.70 | OK | |
r-release-macos-arm64 | 1.3.0 | 60.00 | NOTE | |||
r-release-macos-x86_64 | 1.3.0 | 93.00 | NOTE | |||
r-release-windows-x86_64 | 1.3.0 | 13.00 | 128.00 | 141.00 | NOTE | |
r-oldrel-macos-arm64 | 1.3.0 | 67.00 | NOTE | |||
r-oldrel-macos-x86_64 | 1.3.0 | 121.00 | NOTE | |||
r-oldrel-windows-x86_64 | 1.3.0 | 15.00 | 164.00 | 179.00 | NOTE |
Version: 1.3.0
Check: installed package size
Result: NOTE
installed size is 8.8Mb
sub-directories of 1Mb or more:
doc 8.2Mb
Flavors: r-devel-linux-x86_64-fedora-clang, r-devel-windows-x86_64, r-release-macos-arm64, r-release-macos-x86_64, r-release-windows-x86_64, r-oldrel-macos-arm64, r-oldrel-macos-x86_64, r-oldrel-windows-x86_64