Last updated on 2024-07-18 09:52:38 CEST.
Flavor | Version | Tinstall | Tcheck | Ttotal | Status | Flags |
---|---|---|---|---|---|---|
r-devel-linux-x86_64-debian-clang | 2.6.10.1 | 3.25 | 29.19 | 32.44 | OK | |
r-devel-linux-x86_64-debian-gcc | 2.6.10.1 | 1.58 | 22.03 | 23.61 | OK | |
r-devel-linux-x86_64-fedora-clang | 2.6.10.1 | 41.28 | OK | |||
r-devel-windows-x86_64 | 2.6.10.1 | 3.00 | 49.00 | 52.00 | NOTE | |
r-patched-linux-x86_64 | 2.6.10.1 | 6.81 | 27.56 | 34.37 | OK | |
r-release-linux-x86_64 | 2.6.10.1 | 3.43 | 28.40 | 31.83 | OK | |
r-release-macos-arm64 | 2.6.10.1 | 16.00 | OK | |||
r-release-macos-x86_64 | 2.6.10.1 | 25.00 | OK | |||
r-release-windows-x86_64 | 2.6.10.1 | 4.00 | 47.00 | 51.00 | OK | |
r-oldrel-macos-arm64 | 2.6.10.1 | 17.00 | OK | |||
r-oldrel-macos-x86_64 | 2.6.10.1 | 23.00 | OK | |||
r-oldrel-windows-x86_64 | 2.6.10.1 | 3.00 | 49.00 | 52.00 | OK |
Version: 2.6.10.1
Check: Rd cross-references
Result: NOTE
Found the following Rd file(s) with Rd \link{} targets missing package
anchors:
TExPosition-package.Rd: ExPosition
tepBADA.Rd: expo.scale, epGPCA, corePCA, epPCA, epMDS
tepDICA.Rd: epCA, coreCA, epMCA
tepGPLS.Rd: epPCA, epGPCA, expo.scale, corePCA
tepGraphs.Rd: prettyGraphs, createColorVectorsByDesign, prettyPlot
tepPLS.Rd: expo.scale, epGPCA, corePCA, epPCA
tepPLSCA.Rd: epCA, coreCA, epMCA
texpoDesignCheck.Rd: designCheck
Please provide package anchors for all Rd \link{} targets not in the
package itself and the base packages.
Flavor: r-devel-windows-x86_64