Last updated on 2024-07-18 09:52:38 CEST.
Flavor | Version | Tinstall | Tcheck | Ttotal | Status | Flags |
---|---|---|---|---|---|---|
r-devel-linux-x86_64-debian-clang | 1.1.11 | 40.66 | 336.35 | 377.01 | OK | |
r-devel-linux-x86_64-debian-gcc | 1.1.11 | 25.21 | 234.87 | 260.08 | OK | |
r-devel-linux-x86_64-fedora-clang | 1.1.11 | 493.11 | OK | |||
r-devel-windows-x86_64 | 1.1.11 | 29.00 | 380.00 | 409.00 | OK | |
r-patched-linux-x86_64 | 1.1.11 | 32.03 | 320.46 | 352.49 | OK | |
r-release-linux-x86_64 | 1.1.11 | 22.16 | 303.12 | 325.28 | OK | |
r-release-macos-arm64 | 1.1.11 | 128.00 | OK | |||
r-release-macos-x86_64 | 1.1.11 | 347.00 | OK | |||
r-release-windows-x86_64 | 1.1.11 | 28.00 | 378.00 | 406.00 | OK | |
r-oldrel-macos-arm64 | 1.1.11 | 147.00 | ERROR | |||
r-oldrel-macos-x86_64 | 1.1.11 | 307.00 | ERROR | |||
r-oldrel-windows-x86_64 | 1.1.11 | 37.00 | 429.00 | 466.00 | OK |
Version: 1.1.11
Check: running R code from vignettes
Result: ERROR
Errors in running code in vignettes:
when running code in ‘TKCat.Rmd’
...
> knitr::opts_chunk$set(eval = Sys.getenv("USER") %in%
+ c("pgodard"))
> k <- chTKCat(host = "localhost", port = 9111, drv = ClickHouseHTTP::ClickHouseHTTP(),
+ user = "default", password = "")
When sourcing ‘TKCat.R’:
Error: Failed to connect to localhost port 9111 after 1 ms: Couldn't connect to server
Execution halted
‘TKCat-KMR-POK.Rmd’ using ‘UTF-8’... [4s/4s] OK
‘TKCat.Rmd’ using ‘UTF-8’... failed
Flavor: r-oldrel-macos-arm64
Version: 1.1.11
Check: running R code from vignettes
Result: ERROR
Errors in running code in vignettes:
when running code in ‘TKCat.Rmd’
...
> knitr::opts_chunk$set(eval = Sys.getenv("USER") %in%
+ c("pgodard"))
> k <- chTKCat(host = "localhost", port = 9111, drv = ClickHouseHTTP::ClickHouseHTTP(),
+ user = "default", password = "")
When sourcing ‘TKCat.R’:
Error: Failed to connect to localhost port 9111 after 1 ms: Couldn't connect to server
Execution halted
‘TKCat-KMR-POK.Rmd’ using ‘UTF-8’... [7s/10s] OK
‘TKCat.Rmd’ using ‘UTF-8’... failed
Flavor: r-oldrel-macos-x86_64