Last updated on 2024-07-18 09:52:38 CEST.
Flavor | Version | Tinstall | Tcheck | Ttotal | Status | Flags |
---|---|---|---|---|---|---|
r-devel-linux-x86_64-debian-clang | 0.1.3 | 11.53 | 135.36 | 146.89 | OK | |
r-devel-linux-x86_64-debian-gcc | 0.1.3 | 11.32 | 102.68 | 114.00 | OK | |
r-devel-linux-x86_64-fedora-clang | 0.1.3 | 186.68 | NOTE | |||
r-devel-windows-x86_64 | 0.1.3 | 14.00 | 153.00 | 167.00 | OK | |
r-patched-linux-x86_64 | 0.1.3 | 12.32 | 131.36 | 143.68 | OK | |
r-release-linux-x86_64 | 0.1.3 | 9.56 | 131.14 | 140.70 | OK | |
r-release-macos-arm64 | 0.1.3 | 64.00 | OK | |||
r-release-macos-x86_64 | 0.1.3 | 96.00 | OK | |||
r-release-windows-x86_64 | 0.1.3 | 12.00 | 182.00 | 194.00 | OK | |
r-oldrel-macos-arm64 | 0.1.3 | 74.00 | OK | |||
r-oldrel-macos-x86_64 | 0.1.3 | 105.00 | OK | |||
r-oldrel-windows-x86_64 | 0.1.3 | 18.00 | 203.00 | 221.00 | OK |
Version: 0.1.3
Check: dependencies in R code
Result: NOTE
Namespaces in Imports field not imported from:
‘doParallel’ ‘forecast’ ‘parallel’ ‘tidyr’
All declared Imports should be used.
Flavor: r-devel-linux-x86_64-fedora-clang
Version: 0.1.3
Check: data for non-ASCII characters
Result: NOTE
Note: found 40 marked UTF-8 strings
Flavor: r-devel-linux-x86_64-fedora-clang