Last updated on 2024-07-18 09:52:38 CEST.
Flavor | Version | Tinstall | Tcheck | Ttotal | Status | Flags |
---|---|---|---|---|---|---|
r-devel-linux-x86_64-debian-clang | 1.0.2 | 9.06 | 115.66 | 124.72 | OK | |
r-devel-linux-x86_64-debian-gcc | 1.0.2 | 7.99 | 91.45 | 99.44 | OK | |
r-devel-linux-x86_64-fedora-clang | 1.0.2 | 156.63 | OK | |||
r-devel-windows-x86_64 | 1.0.2 | 9.00 | 115.00 | 124.00 | NOTE | |
r-patched-linux-x86_64 | 1.0.2 | 13.30 | 112.09 | 125.39 | OK | |
r-release-linux-x86_64 | 1.0.2 | 8.18 | 112.44 | 120.62 | OK | |
r-release-macos-arm64 | 1.0.2 | 58.00 | OK | |||
r-release-macos-x86_64 | 1.0.2 | 80.00 | OK | |||
r-release-windows-x86_64 | 1.0.2 | 9.00 | 119.00 | 128.00 | OK | |
r-oldrel-macos-arm64 | 1.0.2 | 58.00 | OK | |||
r-oldrel-macos-x86_64 | 1.0.2 | 92.00 | OK | |||
r-oldrel-windows-x86_64 | 1.0.2 | 12.00 | 133.00 | 145.00 | OK |
Version: 1.0.2
Check: Rd cross-references
Result: NOTE
Found the following Rd file(s) with Rd \link{} targets missing package
anchors:
Tlasso.fit.Rd: huge
Please provide package anchors for all Rd \link{} targets not in the
package itself and the base packages.
Flavor: r-devel-windows-x86_64