Last updated on 2024-07-18 09:52:38 CEST.
Flavor | Version | Tinstall | Tcheck | Ttotal | Status | Flags |
---|---|---|---|---|---|---|
r-devel-linux-x86_64-debian-clang | 1.0 | 12.17 | 106.78 | 118.95 | NOTE | |
r-devel-linux-x86_64-debian-gcc | 1.0 | 8.75 | 79.68 | 88.43 | NOTE | |
r-devel-linux-x86_64-fedora-clang | 1.0 | 154.85 | NOTE | |||
r-devel-windows-x86_64 | 1.0 | 12.00 | 96.00 | 108.00 | NOTE | |
r-patched-linux-x86_64 | 1.0 | 9.14 | 102.06 | 111.20 | NOTE | |
r-release-linux-x86_64 | 1.0 | 10.18 | 99.97 | 110.15 | NOTE | |
r-release-macos-arm64 | 1.0 | 50.00 | NOTE | |||
r-release-macos-x86_64 | 1.0 | 71.00 | NOTE | |||
r-release-windows-x86_64 | 1.0 | 11.00 | 96.00 | 107.00 | NOTE | |
r-oldrel-macos-arm64 | 1.0 | 44.00 | NOTE | |||
r-oldrel-macos-x86_64 | 1.0 | 119.00 | NOTE | |||
r-oldrel-windows-x86_64 | 1.0 | 14.00 | 111.00 | 125.00 | NOTE |
Version: 1.0
Check: package dependencies
Result: NOTE
Package suggested but not available for checking: ‘gurobi’
Flavors: r-devel-linux-x86_64-debian-clang, r-devel-linux-x86_64-debian-gcc, r-devel-linux-x86_64-fedora-clang, r-devel-windows-x86_64, r-patched-linux-x86_64, r-release-linux-x86_64, r-release-macos-arm64, r-release-macos-x86_64, r-release-windows-x86_64, r-oldrel-macos-arm64, r-oldrel-macos-x86_64, r-oldrel-windows-x86_64