Last updated on 2024-07-18 09:52:38 CEST.
Flavor | Version | Tinstall | Tcheck | Ttotal | Status | Flags |
---|---|---|---|---|---|---|
r-devel-linux-x86_64-debian-clang | 1.1.1 | 15.53 | 178.62 | 194.15 | NOTE | |
r-devel-linux-x86_64-debian-gcc | 1.1.1 | 10.64 | 132.04 | 142.68 | NOTE | |
r-devel-linux-x86_64-fedora-clang | 1.1.1 | 241.73 | NOTE | |||
r-devel-windows-x86_64 | 1.1.1 | 14.00 | 168.00 | 182.00 | NOTE | |
r-patched-linux-x86_64 | 1.1.1 | 23.51 | 172.42 | 195.93 | NOTE | |
r-release-linux-x86_64 | 1.1.1 | 15.94 | 170.44 | 186.38 | NOTE | |
r-release-macos-arm64 | 1.1.1 | 68.00 | NOTE | |||
r-release-macos-x86_64 | 1.1.1 | 106.00 | NOTE | |||
r-release-windows-x86_64 | 1.1.1 | 13.00 | 172.00 | 185.00 | NOTE | |
r-oldrel-macos-arm64 | 1.1.1 | 89.00 | OK | |||
r-oldrel-macos-x86_64 | 1.1.1 | 143.00 | OK | |||
r-oldrel-windows-x86_64 | 1.1.1 | 18.00 | 202.00 | 220.00 | OK |
Version: 1.1.1
Check: Rd files
Result: NOTE
checkRd: (-1) DRYAIR.Rd:18: Lost braces in \itemize; \value handles \item{}{} directly
checkRd: (-1) DRYAIR.Rd:19: Lost braces in \itemize; \value handles \item{}{} directly
checkRd: (-1) DRYAIR.Rd:20: Lost braces in \itemize; \value handles \item{}{} directly
checkRd: (-1) DRYAIR.Rd:21: Lost braces in \itemize; \value handles \item{}{} directly
checkRd: (-1) DRYAIR.Rd:22: Lost braces in \itemize; \value handles \item{}{} directly
checkRd: (-1) DRYAIR.Rd:23: Lost braces in \itemize; \value handles \item{}{} directly
checkRd: (-1) DRYAIR.Rd:24: Lost braces in \itemize; \value handles \item{}{} directly
checkRd: (-1) DRYAIR.Rd:25: Lost braces in \itemize; \value handles \item{}{} directly
checkRd: (-1) DRYAIR.Rd:26: Lost braces in \itemize; \value handles \item{}{} directly
checkRd: (-1) DRYAIR.Rd:27: Lost braces in \itemize; \value handles \item{}{} directly
checkRd: (-1) DRYAIR.Rd:28: Lost braces in \itemize; \value handles \item{}{} directly
checkRd: (-1) WETAIR.Rd:41: Lost braces in \itemize; meant \describe ?
checkRd: (-1) WETAIR.Rd:42: Lost braces in \itemize; meant \describe ?
checkRd: (-1) WETAIR.Rd:22: Lost braces in \itemize; \value handles \item{}{} directly
checkRd: (-1) WETAIR.Rd:23: Lost braces in \itemize; \value handles \item{}{} directly
checkRd: (-1) WETAIR.Rd:24: Lost braces in \itemize; \value handles \item{}{} directly
checkRd: (-1) WETAIR.Rd:25: Lost braces in \itemize; \value handles \item{}{} directly
checkRd: (-1) WETAIR.Rd:26: Lost braces in \itemize; \value handles \item{}{} directly
checkRd: (-1) WETAIR.Rd:27: Lost braces in \itemize; \value handles \item{}{} directly
checkRd: (-1) WETAIR.Rd:28: Lost braces in \itemize; \value handles \item{}{} directly
checkRd: (-1) WETAIR.Rd:29: Lost braces in \itemize; \value handles \item{}{} directly
checkRd: (-1) WETAIR.Rd:30: Lost braces in \itemize; \value handles \item{}{} directly
checkRd: (-1) diurnal_temp_variation_sineexp.Rd:41: Lost braces in \itemize; meant \describe ?
checkRd: (-1) diurnal_temp_variation_sineexp.Rd:42: Lost braces in \itemize; meant \describe ?
checkRd: (-1) diurnal_temp_variation_sineexp.Rd:43: Lost braces in \itemize; meant \describe ?
checkRd: (-1) diurnal_temp_variation_sineexp.Rd:44: Lost braces in \itemize; meant \describe ?
Flavors: r-devel-linux-x86_64-debian-clang, r-devel-linux-x86_64-debian-gcc, r-devel-linux-x86_64-fedora-clang, r-devel-windows-x86_64, r-patched-linux-x86_64, r-release-linux-x86_64, r-release-macos-arm64, r-release-macos-x86_64, r-release-windows-x86_64