Last updated on 2024-07-18 09:52:39 CEST.
Flavor | Version | Tinstall | Tcheck | Ttotal | Status | Flags |
---|---|---|---|---|---|---|
r-devel-linux-x86_64-debian-clang | 1.0 | 93.46 | 33.52 | 126.98 | NOTE | |
r-devel-linux-x86_64-debian-gcc | 1.0 | 56.32 | 24.87 | 81.19 | NOTE | |
r-devel-linux-x86_64-fedora-clang | 1.0 | 200.82 | NOTE | |||
r-devel-windows-x86_64 | 1.0 | 76.00 | 67.00 | 143.00 | NOTE | |
r-patched-linux-x86_64 | 1.0 | 79.28 | 32.47 | 111.75 | NOTE | |
r-release-linux-x86_64 | 1.0 | 75.47 | 32.29 | 107.76 | NOTE | |
r-release-macos-arm64 | 1.0 | 37.00 | NOTE | |||
r-release-macos-x86_64 | 1.0 | 41.00 | NOTE | |||
r-release-windows-x86_64 | 1.0 | 76.00 | 67.00 | 143.00 | NOTE | |
r-oldrel-macos-arm64 | 1.0 | 44.00 | NOTE | |||
r-oldrel-macos-x86_64 | 1.0 | 72.00 | NOTE | |||
r-oldrel-windows-x86_64 | 1.0 | 92.00 | 76.00 | 168.00 | NOTE |
Version: 1.0
Check: C++ specification
Result: NOTE
Specified C++11: please drop specification unless essential
Flavors: r-devel-linux-x86_64-debian-clang, r-devel-linux-x86_64-debian-gcc, r-devel-linux-x86_64-fedora-clang, r-devel-windows-x86_64, r-patched-linux-x86_64, r-release-linux-x86_64, r-release-macos-arm64, r-release-macos-x86_64, r-release-windows-x86_64, r-oldrel-macos-arm64, r-oldrel-macos-x86_64, r-oldrel-windows-x86_64