Last updated on 2024-07-18 09:52:40 CEST.
Flavor | Version | Tinstall | Tcheck | Ttotal | Status | Flags |
---|---|---|---|---|---|---|
r-devel-linux-x86_64-debian-clang | 1.2.4 | 13.84 | 128.43 | 142.27 | OK | |
r-devel-linux-x86_64-debian-gcc | 1.2.4 | 8.37 | 95.63 | 104.00 | OK | |
r-devel-linux-x86_64-fedora-clang | 1.2.4 | 180.48 | NOTE | |||
r-devel-windows-x86_64 | 1.2.4 | 12.00 | 114.00 | 126.00 | OK | |
r-patched-linux-x86_64 | 1.2.4 | 12.55 | 118.42 | 130.97 | OK | |
r-release-linux-x86_64 | 1.2.4 | 7.18 | 124.21 | 131.39 | OK | |
r-release-macos-arm64 | 1.2.4 | 55.00 | OK | |||
r-release-macos-x86_64 | 1.2.4 | 136.00 | OK | |||
r-release-windows-x86_64 | 1.2.4 | 11.00 | 110.00 | 121.00 | OK | |
r-oldrel-macos-arm64 | 1.2.4 | 56.00 | OK | |||
r-oldrel-macos-x86_64 | 1.2.4 | 81.00 | OK | |||
r-oldrel-windows-x86_64 | 1.2.4 | 14.00 | 132.00 | 146.00 | OK |
Version: 1.2.4
Check: Rd cross-references
Result: NOTE
Undeclared package ‘tibble’ in Rd xrefs
Flavor: r-devel-linux-x86_64-fedora-clang