Last updated on 2024-07-18 09:52:39 CEST.
Flavor | Version | Tinstall | Tcheck | Ttotal | Status | Flags |
---|---|---|---|---|---|---|
r-devel-linux-x86_64-debian-clang | 2.1.3.1 | 348.97 | 174.30 | 523.27 | OK | |
r-devel-linux-x86_64-debian-gcc | 2.1.3.1 | 220.69 | 112.41 | 333.10 | OK | |
r-devel-linux-x86_64-fedora-clang | 2.1.3.1 | 769.99 | OK | |||
r-devel-windows-x86_64 | 2.1.3.1 | 272.00 | 174.00 | 446.00 | OK | |
r-patched-linux-x86_64 | 2.1.3.1 | 292.98 | 147.12 | 440.10 | OK | |
r-release-linux-x86_64 | 2.1.3.1 | 287.29 | 148.38 | 435.67 | OK | |
r-release-macos-arm64 | 2.1.3.1 | 140.00 | NOTE | |||
r-release-macos-x86_64 | 2.1.3.1 | 168.00 | NOTE | |||
r-release-windows-x86_64 | 2.1.3.1 | 274.00 | 174.00 | 448.00 | OK | |
r-oldrel-macos-arm64 | 2.1.3.1 | 175.00 | NOTE | |||
r-oldrel-macos-x86_64 | 2.1.3.1 | 299.00 | NOTE | |||
r-oldrel-windows-x86_64 | 2.1.3.1 | 329.00 | 199.00 | 528.00 | OK |
Version: 2.1.3.1
Check: installed package size
Result: NOTE
installed size is 8.4Mb
sub-directories of 1Mb or more:
libs 7.6Mb
Flavors: r-release-macos-arm64, r-release-macos-x86_64, r-oldrel-macos-arm64, r-oldrel-macos-x86_64