Last updated on 2024-07-18 09:52:40 CEST.
Flavor | Version | Tinstall | Tcheck | Ttotal | Status | Flags |
---|---|---|---|---|---|---|
r-devel-linux-x86_64-debian-clang | 0.1.3 | 138.49 | 67.92 | 206.41 | NOTE | |
r-devel-linux-x86_64-debian-gcc | 0.1.3 | 86.60 | 51.33 | 137.93 | NOTE | |
r-devel-linux-x86_64-fedora-clang | 0.1.3 | 310.99 | NOTE | |||
r-devel-windows-x86_64 | 0.1.3 | 110.00 | 87.00 | 197.00 | NOTE | |
r-patched-linux-x86_64 | 0.1.3 | 116.68 | 64.17 | 180.85 | NOTE | |
r-release-linux-x86_64 | 0.1.3 | 116.08 | 66.05 | 182.13 | NOTE | |
r-release-macos-arm64 | 0.1.3 | 53.00 | NOTE | |||
r-release-macos-x86_64 | 0.1.3 | 64.00 | NOTE | |||
r-release-windows-x86_64 | 0.1.3 | 111.00 | 87.00 | 198.00 | NOTE | |
r-oldrel-macos-arm64 | 0.1.3 | 76.00 | NOTE | |||
r-oldrel-macos-x86_64 | 0.1.3 | 119.00 | NOTE | |||
r-oldrel-windows-x86_64 | 0.1.3 | 139.00 | 107.00 | 246.00 | NOTE |
Version: 0.1.3
Check: C++ specification
Result: NOTE
Specified C++11: please drop specification unless essential
Flavors: r-devel-linux-x86_64-debian-clang, r-devel-linux-x86_64-debian-gcc, r-devel-linux-x86_64-fedora-clang, r-devel-windows-x86_64, r-patched-linux-x86_64, r-release-linux-x86_64, r-release-macos-arm64, r-release-macos-x86_64, r-release-windows-x86_64, r-oldrel-macos-arm64, r-oldrel-macos-x86_64, r-oldrel-windows-x86_64
Version: 0.1.3
Check: installed package size
Result: NOTE
installed size is 5.1Mb
sub-directories of 1Mb or more:
libs 5.0Mb
Flavor: r-oldrel-macos-arm64