Last updated on 2024-07-18 09:52:40 CEST.
Flavor | Version | Tinstall | Tcheck | Ttotal | Status | Flags |
---|---|---|---|---|---|---|
r-devel-linux-x86_64-debian-clang | 0.1.2 | 59.47 | 100.91 | 160.38 | OK | |
r-devel-linux-x86_64-debian-gcc | 0.1.2 | 42.43 | 74.67 | 117.10 | OK | |
r-devel-linux-x86_64-fedora-clang | 0.1.2 | 209.92 | OK | |||
r-devel-windows-x86_64 | 0.1.2 | 46.00 | 106.00 | 152.00 | NOTE | |
r-patched-linux-x86_64 | 0.1.2 | 55.72 | 97.43 | 153.15 | OK | |
r-release-linux-x86_64 | 0.1.2 | 49.89 | 93.91 | 143.80 | OK | |
r-release-macos-arm64 | 0.1.2 | 66.00 | NOTE | |||
r-release-macos-x86_64 | 0.1.2 | 101.00 | NOTE | |||
r-release-windows-x86_64 | 0.1.2 | 50.00 | 105.00 | 155.00 | OK | |
r-oldrel-macos-arm64 | 0.1.2 | 62.00 | NOTE | |||
r-oldrel-macos-x86_64 | 0.1.2 | 117.00 | NOTE | |||
r-oldrel-windows-x86_64 | 0.1.2 | 59.00 | 128.00 | 187.00 | OK |
Version: 0.1.2
Check: Rd cross-references
Result: NOTE
Found the following Rd file(s) with Rd \link{} targets missing package
anchors:
drawTreemap.Rd: rainbow_hcl
Please provide package anchors for all Rd \link{} targets not in the
package itself and the base packages.
Flavor: r-devel-windows-x86_64
Version: 0.1.2
Check: installed package size
Result: NOTE
installed size is 12.2Mb
sub-directories of 1Mb or more:
doc 1.2Mb
libs 10.3Mb
Flavors: r-release-macos-arm64, r-release-macos-x86_64, r-oldrel-macos-arm64, r-oldrel-macos-x86_64