Last updated on 2024-07-18 09:52:09 CEST.
Flavor | Version | Tinstall | Tcheck | Ttotal | Status | Flags |
---|---|---|---|---|---|---|
r-devel-linux-x86_64-debian-clang | 1.9 | 94.61 | 104.46 | 199.07 | OK | |
r-devel-linux-x86_64-debian-gcc | 1.9 | 59.14 | 75.21 | 134.35 | OK | |
r-devel-linux-x86_64-fedora-clang | 1.9 | 269.13 | OK | |||
r-devel-windows-x86_64 | 1.9 | 73.00 | 110.00 | 183.00 | NOTE | |
r-patched-linux-x86_64 | 1.9 | 89.22 | 98.76 | 187.98 | OK | |
r-release-linux-x86_64 | 1.9 | 52.72 | 98.01 | 150.73 | OK | |
r-release-macos-arm64 | 1.9 | 77.00 | NOTE | |||
r-release-macos-x86_64 | 1.9 | 94.00 | NOTE | |||
r-release-windows-x86_64 | 1.9 | 73.00 | 106.00 | 179.00 | OK | |
r-oldrel-macos-arm64 | 1.9 | 71.00 | NOTE | |||
r-oldrel-macos-x86_64 | 1.9 | 114.00 | NOTE | |||
r-oldrel-windows-x86_64 | 1.9 | 88.00 | 131.00 | 219.00 | OK |
Version: 1.9
Check: Rd cross-references
Result: NOTE
Found the following Rd file(s) with Rd \link{} targets missing package
anchors:
abcrf.Rd: ranger
covRegAbcrf.Rd: ranger
densityPlot.Rd: ranger
err.regAbcrf.Rd: ranger
plot.regAbcrf.Rd: ranger
predict.abcrf.Rd: ranger
predict.regAbcrf.Rd: predict.ranger, ranger
predictOOB.Rd: predict.ranger, ranger
regAbcrf.Rd: ranger
variableImpPlot.Rd: ranger
Please provide package anchors for all Rd \link{} targets not in the
package itself and the base packages.
Flavor: r-devel-windows-x86_64
Version: 1.9
Check: installed package size
Result: NOTE
installed size is 5.3Mb
sub-directories of 1Mb or more:
data 2.6Mb
libs 2.4Mb
Flavors: r-release-macos-arm64, r-release-macos-x86_64, r-oldrel-macos-arm64, r-oldrel-macos-x86_64