Last updated on 2024-07-18 09:52:09 CEST.
Flavor | Version | Tinstall | Tcheck | Ttotal | Status | Flags |
---|---|---|---|---|---|---|
r-devel-linux-x86_64-debian-clang | 1.3.1 | 14.98 | 98.30 | 113.28 | OK | |
r-devel-linux-x86_64-debian-gcc | 1.3.1 | 10.57 | 69.56 | 80.13 | OK | |
r-devel-linux-x86_64-fedora-clang | 1.3.1 | 144.72 | NOTE | |||
r-devel-windows-x86_64 | 1.3.1 | 14.00 | 101.00 | 115.00 | OK | |
r-patched-linux-x86_64 | 1.3.1 | 16.49 | 91.95 | 108.44 | OK | |
r-release-linux-x86_64 | 1.3.1 | 12.44 | 90.23 | 102.67 | OK | |
r-release-macos-arm64 | 1.3.1 | 42.00 | OK | |||
r-release-macos-x86_64 | 1.3.1 | 68.00 | OK | |||
r-release-windows-x86_64 | 1.3.1 | 13.00 | 100.00 | 113.00 | OK | |
r-oldrel-macos-arm64 | 1.3.1 | 45.00 | OK | |||
r-oldrel-macos-x86_64 | 1.3.1 | 82.00 | OK | |||
r-oldrel-windows-x86_64 | 1.3.1 | 18.00 | 117.00 | 135.00 | OK |
Version: 1.3.1
Check: data for non-ASCII characters
Result: NOTE
Note: found 305 marked UTF-8 strings
Flavor: r-devel-linux-x86_64-fedora-clang