Last updated on 2024-07-01 04:48:27 CEST.
Flavor | Version | Tinstall | Tcheck | Ttotal | Status | Flags |
---|---|---|---|---|---|---|
r-devel-linux-x86_64-debian-clang | 0.3.16 | 8.95 | 63.76 | 72.71 | NOTE | |
r-devel-linux-x86_64-debian-gcc | 0.3.16 | 5.72 | 48.29 | 54.01 | NOTE | |
r-devel-linux-x86_64-fedora-clang | 0.3.16 | 92.81 | NOTE | |||
r-devel-linux-x86_64-fedora-gcc | 0.3.16 | 100.44 | NOTE | |||
r-devel-windows-x86_64 | 0.3.16 | 11.00 | 89.00 | 100.00 | NOTE | |
r-patched-linux-x86_64 | 0.3.16 | 7.27 | 60.35 | 67.62 | NOTE | |
r-release-linux-x86_64 | 0.3.16 | 7.19 | 61.90 | 69.09 | NOTE | |
r-release-macos-arm64 | 0.3.16 | 41.00 | NOTE | |||
r-release-macos-x86_64 | 0.3.16 | 66.00 | NOTE | |||
r-release-windows-x86_64 | 0.3.16 | 12.00 | 88.00 | 100.00 | NOTE | |
r-oldrel-macos-arm64 | 0.3.16 | 44.00 | OK | |||
r-oldrel-macos-x86_64 | 0.3.16 | 68.00 | OK | |||
r-oldrel-windows-x86_64 | 0.3.16 | 13.00 | 92.00 | 105.00 | OK |
Version: 0.3.16
Check: Rd files
Result: NOTE
checkRd: (-1) adeoptions.Rd:21-23: Lost braces
21 | \code{epsilon}{ the smallest significant distance between two points
| ^
checkRd: (-1) adeoptions.Rd:25-27: Lost braces
25 | \code{shortprint}{ logical. Defines whether special \code{show}
| ^
Flavors: r-devel-linux-x86_64-debian-clang, r-devel-linux-x86_64-debian-gcc, r-devel-linux-x86_64-fedora-clang, r-devel-linux-x86_64-fedora-gcc, r-devel-windows-x86_64, r-patched-linux-x86_64, r-release-linux-x86_64, r-release-macos-arm64, r-release-macos-x86_64, r-release-windows-x86_64