Last updated on 2024-07-18 09:52:09 CEST.
Flavor | Version | Tinstall | Tcheck | Ttotal | Status | Flags |
---|---|---|---|---|---|---|
r-devel-linux-x86_64-debian-clang | 1.0.1 | 436.53 | 241.50 | 678.03 | OK | |
r-devel-linux-x86_64-debian-gcc | 1.0.1 | 333.94 | 196.25 | 530.19 | OK | |
r-devel-linux-x86_64-fedora-clang | 1.0.1 | 836.75 | NOTE | |||
r-devel-windows-x86_64 | 1.0.1 | 310.00 | 219.00 | 529.00 | NOTE | |
r-patched-linux-x86_64 | 1.0.1 | 417.26 | 254.15 | 671.41 | OK | |
r-release-linux-x86_64 | 1.0.1 | 430.54 | 255.25 | 685.79 | OK | |
r-release-macos-arm64 | 1.0.1 | 236.00 | NOTE | |||
r-release-macos-x86_64 | 1.0.1 | 448.00 | NOTE | |||
r-release-windows-x86_64 | 1.0.1 | 310.00 | 223.00 | 533.00 | NOTE | |
r-oldrel-macos-arm64 | 1.0.1 | 246.00 | NOTE | |||
r-oldrel-macos-x86_64 | 1.0.1 | 341.00 | NOTE | |||
r-oldrel-windows-x86_64 | 1.0.1 | 397.00 | 297.00 | 694.00 | NOTE |
Version: 1.0.1
Check: installed package size
Result: NOTE
installed size is 7.1Mb
sub-directories of 1Mb or more:
adelie 1.3Mb
libs 5.6Mb
Flavors: r-devel-linux-x86_64-fedora-clang, r-devel-windows-x86_64, r-release-macos-arm64, r-release-macos-x86_64, r-release-windows-x86_64, r-oldrel-macos-arm64, r-oldrel-macos-x86_64, r-oldrel-windows-x86_64