Last updated on 2024-07-18 09:52:09 CEST.
Flavor | Version | Tinstall | Tcheck | Ttotal | Status | Flags |
---|---|---|---|---|---|---|
r-devel-linux-x86_64-debian-clang | 1.0.1 | 7.17 | 136.30 | 143.47 | OK | |
r-devel-linux-x86_64-debian-gcc | 1.0.1 | 5.16 | 99.29 | 104.45 | OK | |
r-devel-linux-x86_64-fedora-clang | 1.0.1 | 187.10 | OK | |||
r-devel-windows-x86_64 | 1.0.1 | 6.00 | 118.00 | 124.00 | NOTE | |
r-patched-linux-x86_64 | 1.0.1 | 8.29 | 128.70 | 136.99 | OK | |
r-release-linux-x86_64 | 1.0.1 | 5.71 | 129.99 | 135.70 | OK | |
r-release-macos-arm64 | 1.0.1 | 63.00 | OK | |||
r-release-macos-x86_64 | 1.0.1 | 140.00 | OK | |||
r-release-windows-x86_64 | 1.0.1 | 8.00 | 119.00 | 127.00 | OK | |
r-oldrel-macos-arm64 | 1.0.1 | 203.00 | OK | |||
r-oldrel-macos-x86_64 | 1.0.1 | 416.00 | OK | |||
r-oldrel-windows-x86_64 | 1.0.1 | 7.00 | 146.00 | 153.00 | OK |
Version: 1.0.1
Check: Rd cross-references
Result: NOTE
Found the following Rd file(s) with Rd \link{} targets missing package
anchors:
minimize.Rd: nloptr
Please provide package anchors for all Rd \link{} targets not in the
package itself and the base packages.
Flavor: r-devel-windows-x86_64