Last updated on 2024-07-18 09:52:09 CEST.
Flavor | Version | Tinstall | Tcheck | Ttotal | Status | Flags |
---|---|---|---|---|---|---|
r-devel-linux-x86_64-debian-clang | 0.1.0 | 5.32 | 28.57 | 33.89 | OK | |
r-devel-linux-x86_64-debian-gcc | 0.1.0 | 4.69 | 22.47 | 27.16 | OK | |
r-devel-linux-x86_64-fedora-clang | 0.1.0 | 44.37 | NOTE | |||
r-devel-windows-x86_64 | 0.1.0 | 7.00 | 45.00 | 52.00 | OK | |
r-patched-linux-x86_64 | 0.1.0 | 5.04 | 27.79 | 32.83 | OK | |
r-release-linux-x86_64 | 0.1.0 | 3.94 | 27.21 | 31.15 | OK | |
r-release-macos-arm64 | 0.1.0 | 19.00 | OK | |||
r-release-macos-x86_64 | 0.1.0 | 29.00 | OK | |||
r-release-windows-x86_64 | 0.1.0 | 7.00 | 46.00 | 53.00 | OK | |
r-oldrel-macos-arm64 | 0.1.0 | 23.00 | OK | |||
r-oldrel-macos-x86_64 | 0.1.0 | 31.00 | OK | |||
r-oldrel-windows-x86_64 | 0.1.0 | 9.00 | 50.00 | 59.00 | OK |
Version: 0.1.0
Check: data for non-ASCII characters
Result: NOTE
Note: found 171 marked UTF-8 strings
Flavor: r-devel-linux-x86_64-fedora-clang