Last updated on 2024-07-18 09:52:09 CEST.
Flavor | Version | Tinstall | Tcheck | Ttotal | Status | Flags |
---|---|---|---|---|---|---|
r-devel-linux-x86_64-debian-clang | 0.2.1 | 2.32 | 29.99 | 32.31 | NOTE | |
r-devel-linux-x86_64-debian-gcc | 0.2.1 | 1.65 | 23.11 | 24.76 | NOTE | |
r-devel-linux-x86_64-fedora-clang | 0.2.1 | 43.53 | NOTE | |||
r-devel-windows-x86_64 | 0.2.1 | 4.00 | 46.00 | 50.00 | NOTE | |
r-patched-linux-x86_64 | 0.2.1 | 1.61 | 28.49 | 30.10 | NOTE | |
r-release-linux-x86_64 | 0.2.1 | 2.28 | 29.06 | 31.34 | NOTE | |
r-release-macos-arm64 | 0.2.1 | 23.00 | NOTE | |||
r-release-macos-x86_64 | 0.2.1 | 34.00 | NOTE | |||
r-release-windows-x86_64 | 0.2.1 | 3.00 | 45.00 | 48.00 | NOTE | |
r-oldrel-macos-arm64 | 0.2.1 | 23.00 | NOTE | |||
r-oldrel-macos-x86_64 | 0.2.1 | 37.00 | NOTE | |||
r-oldrel-windows-x86_64 | 0.2.1 | 3.00 | 46.00 | 49.00 | NOTE |
Version: 0.2.1
Check: LazyData
Result: NOTE
'LazyData' is specified without a 'data' directory
Flavors: r-devel-linux-x86_64-debian-clang, r-devel-linux-x86_64-debian-gcc, r-devel-linux-x86_64-fedora-clang, r-devel-windows-x86_64, r-patched-linux-x86_64, r-release-linux-x86_64, r-release-macos-arm64, r-release-macos-x86_64, r-release-windows-x86_64, r-oldrel-macos-arm64, r-oldrel-macos-x86_64, r-oldrel-windows-x86_64